{"id":105907,"date":"2017-03-23T01:11:18","date_gmt":"2017-03-23T01:11:18","guid":{"rendered":"http:\/\/keramika.holest.com\/slovenija\/product\/porcelan-ploscice-zirconio-sonora-grey\/"},"modified":"2026-01-04T00:02:25","modified_gmt":"2026-01-04T00:02:25","slug":"porcelan-ploscice-zirconio-sonora-grey","status":"publish","type":"product","link":"https:\/\/www.keramika.com\/slovenija\/porcelan-ploscice-zirconio-sonora-grey\/","title":{"rendered":"Porcelan plo\u0161\u010dice Zirconio Sonora Grey"},"content":{"rendered":"<p>Dimenzije te plo\u0161\u010dice so 60&#215;120 cm. 12 mm debeline je dovolj tudi za zahtevnej\u0161e kupce. Na spletu boste za to plo\u0161\u010dico od\u0161teli le 43,78 EUR, medtem ko v redni prodaji cena zna\u0161a 54,72 EUR. Zirconio Sonora Grey je plo\u0161\u010dica proizvajalca Zirconio in prihaja iz \u0160panije. Letos so plo\u0161\u010dice v sivi barvi zelo za\u017eeljene.<\/p>\n<p>Kliknite na ime kolekcije za ogled vseh plo\u0161\u010dic iz te serije: <a class=\"pdfcatal\" href=\"\/\/www.ceramictiles.com\/pdf\/zirconio\/catalogue_zirconio_sonora.pdf\" onclick=\"recordOutboundLink(this, 'E-mail', 'Description PDF');return false;\">Zirconio Sonora<\/a><\/p>\n<p>\u010ce \u017eelite naro\u010diti model iz pdf kataloga te kolekcije, nam pi\u0161ite na: <a href=\"mailto:keramoteka.salon@gmail.com\" onclick=\"recordOutboundLink(this, 'E-mail', 'Description mail');return false;\">keramoteka.salon@gmail.com<\/a> ali pa nas pokli\u010dite na: +386 31 255 900.<\/p>\n<p>Porcelan plo\u0161\u010dica z ne\u017enim vzorcem kamna<\/p>\n","protected":false},"excerpt":{"rendered":"<p>Dimenzije te plo\u0161\u010dice so 60&#215;120 cm. 12 mm debeline je dovolj tudi za zahtevnej\u0161e kupce. Na spletu boste za to plo\u0161\u010dico od\u0161teli le 43,78 EUR, medtem ko v redni prodaji cena zna\u0161a 54,72 EUR. Zirconio Sonora Grey je plo\u0161\u010dica proizvajalca Zirconio in prihaja iz \u0160panije. Letos so plo\u0161\u010dice v sivi barvi zelo za\u017eeljene. Kliknite na [&hellip;]<\/p>\n","protected":false},"featured_media":105908,"template":"","meta":[],"product_cat":[999,999137],"product_tag":[],"_links":{"self":[{"href":"https:\/\/www.keramika.com\/slovenija\/wp-json\/wp\/v2\/product\/105907"}],"collection":[{"href":"https:\/\/www.keramika.com\/slovenija\/wp-json\/wp\/v2\/product"}],"about":[{"href":"https:\/\/www.keramika.com\/slovenija\/wp-json\/wp\/v2\/types\/product"}],"wp:featuredmedia":[{"embeddable":true,"href":"https:\/\/www.keramika.com\/slovenija\/wp-json\/wp\/v2\/media\/105908"}],"wp:attachment":[{"href":"https:\/\/www.keramika.com\/slovenija\/wp-json\/wp\/v2\/media?parent=105907"}],"wp:term":[{"taxonomy":"product_cat","embeddable":true,"href":"https:\/\/www.keramika.com\/slovenija\/wp-json\/wp\/v2\/product_cat?post=105907"},{"taxonomy":"product_tag","embeddable":true,"href":"https:\/\/www.keramika.com\/slovenija\/wp-json\/wp\/v2\/product_tag?post=105907"}],"curies":[{"name":"wp","href":"https:\/\/api.w.org\/{rel}","templated":true}]}}