{"id":105903,"date":"2017-03-23T01:11:07","date_gmt":"2017-03-23T01:11:07","guid":{"rendered":"http:\/\/keramika.holest.com\/slovenija\/product\/projektne-ploscice-zirconio-rust-oxide\/"},"modified":"2026-01-04T00:02:24","modified_gmt":"2026-01-04T00:02:24","slug":"projektne-ploscice-zirconio-rust-oxide","status":"publish","type":"product","link":"https:\/\/www.keramika.com\/slovenija\/projektne-ploscice-zirconio-rust-oxide\/","title":{"rendered":"Projektne plo\u0161\u0107ice Zirconio Rust Oxide"},"content":{"rendered":"<p>12 mm je debelina, ki zadovolji tudi zahtevnej\u0161e kupce. Dimenzije te plo\u0161\u010dice so 60&#215;120 cm. Zirconio Rust Oxide prihaja iz \u0160panije, ki je znana po zelo kvalitetni keramiki v svetovnem merilu. Ta kerami\u010dna plo\u0161\u010dica v \u010dudoviti sivi barvi bo obogatila vsak prostor. Na spletu boste za to plo\u0161\u010dico od\u0161teli le 48,08 EUR, medtem ko v redni prodaji cena zna\u0161a 60,1 EUR.<\/p>\n<p>Kliknite na ime kolekcije za ogled vseh plo\u0161\u010dic iz te serije: <a class=\"pdfcatal\" href=\"\/\/www.ceramictiles.com\/pdf\/zirconio\/catalogue_zirconio_rust.pdf\" onclick=\"recordOutboundLink(this, 'E-mail', 'Description PDF');return false;\">Zirconio Rust<\/a><\/p>\n<p>\u010ce \u017eelite naro\u010diti model iz pdf kataloga te kolekcije, nam pi\u0161ite na: <a href=\"mailto:keramoteka.salon@gmail.com\" onclick=\"recordOutboundLink(this, 'E-mail', 'Description mail');return false;\">keramoteka.salon@gmail.com<\/a> ali pa nas pokli\u010dite na: +386 31 255 900.<\/p>\n<p>Porcelan plo\u0161\u010dice v imitaciji oksidiranega jekla<\/p>\n","protected":false},"excerpt":{"rendered":"<p>12 mm je debelina, ki zadovolji tudi zahtevnej\u0161e kupce. Dimenzije te plo\u0161\u010dice so 60&#215;120 cm. Zirconio Rust Oxide prihaja iz \u0160panije, ki je znana po zelo kvalitetni keramiki v svetovnem merilu. Ta kerami\u010dna plo\u0161\u010dica v \u010dudoviti sivi barvi bo obogatila vsak prostor. Na spletu boste za to plo\u0161\u010dico od\u0161teli le 48,08 EUR, medtem ko v [&hellip;]<\/p>\n","protected":false},"featured_media":105904,"template":"","meta":[],"product_cat":[999,999137],"product_tag":[],"_links":{"self":[{"href":"https:\/\/www.keramika.com\/slovenija\/wp-json\/wp\/v2\/product\/105903"}],"collection":[{"href":"https:\/\/www.keramika.com\/slovenija\/wp-json\/wp\/v2\/product"}],"about":[{"href":"https:\/\/www.keramika.com\/slovenija\/wp-json\/wp\/v2\/types\/product"}],"wp:featuredmedia":[{"embeddable":true,"href":"https:\/\/www.keramika.com\/slovenija\/wp-json\/wp\/v2\/media\/105904"}],"wp:attachment":[{"href":"https:\/\/www.keramika.com\/slovenija\/wp-json\/wp\/v2\/media?parent=105903"}],"wp:term":[{"taxonomy":"product_cat","embeddable":true,"href":"https:\/\/www.keramika.com\/slovenija\/wp-json\/wp\/v2\/product_cat?post=105903"},{"taxonomy":"product_tag","embeddable":true,"href":"https:\/\/www.keramika.com\/slovenija\/wp-json\/wp\/v2\/product_tag?post=105903"}],"curies":[{"name":"wp","href":"https:\/\/api.w.org\/{rel}","templated":true}]}}