{"id":105562,"date":"2017-03-23T00:54:26","date_gmt":"2017-03-23T00:54:26","guid":{"rendered":"http:\/\/keramika.holest.com\/slovenija\/product\/mosavit-mozaik-ploscice-tate-mix\/"},"modified":"2026-01-04T00:01:50","modified_gmt":"2026-01-04T00:01:50","slug":"mosavit-mozaik-ploscice-tate-mix","status":"publish","type":"product","link":"https:\/\/www.keramika.com\/slovenija\/mosavit-mozaik-ploscice-tate-mix\/","title":{"rendered":"Mosavit mozaik plo\u0161\u010dice Tate Mix"},"content":{"rendered":"<p>Letos so mozaiki v beli barvi zelo za\u017eeljeni. Z 31,6&#215;31,6 cm je mre\u017ea na katero so pripete te mozaik plo\u0161\u010dice primerna za razli\u010dne podlage. Redna cena tega mozaika v maloprodaji zna\u0161a 123,44 EUR, v na\u0161i spletni trgovini pa ga lahko dobite \u017ee za 98,75 EUR. Debelina kar 4 mm dela ta mozaik zelo trpe\u017een in presti\u017een na otip. Mosavit mosaic Tate Mix prihaja iz \u0160panije, ki je znana po zelo kvalitetni keramiki v svetovnem merilu.<\/p>\n<p>Technical description: Min. 1 box \u2013 Delivery 30 Euro\/box in EU<\/p>\n","protected":false},"excerpt":{"rendered":"<p>Letos so mozaiki v beli barvi zelo za\u017eeljeni. Z 31,6&#215;31,6 cm je mre\u017ea na katero so pripete te mozaik plo\u0161\u010dice primerna za razli\u010dne podlage. Redna cena tega mozaika v maloprodaji zna\u0161a 123,44 EUR, v na\u0161i spletni trgovini pa ga lahko dobite \u017ee za 98,75 EUR. Debelina kar 4 mm dela ta mozaik zelo trpe\u017een in [&hellip;]<\/p>\n","protected":false},"featured_media":105563,"template":"","meta":[],"product_cat":[999405,400,999,410],"product_tag":[],"_links":{"self":[{"href":"https:\/\/www.keramika.com\/slovenija\/wp-json\/wp\/v2\/product\/105562"}],"collection":[{"href":"https:\/\/www.keramika.com\/slovenija\/wp-json\/wp\/v2\/product"}],"about":[{"href":"https:\/\/www.keramika.com\/slovenija\/wp-json\/wp\/v2\/types\/product"}],"wp:featuredmedia":[{"embeddable":true,"href":"https:\/\/www.keramika.com\/slovenija\/wp-json\/wp\/v2\/media\/105563"}],"wp:attachment":[{"href":"https:\/\/www.keramika.com\/slovenija\/wp-json\/wp\/v2\/media?parent=105562"}],"wp:term":[{"taxonomy":"product_cat","embeddable":true,"href":"https:\/\/www.keramika.com\/slovenija\/wp-json\/wp\/v2\/product_cat?post=105562"},{"taxonomy":"product_tag","embeddable":true,"href":"https:\/\/www.keramika.com\/slovenija\/wp-json\/wp\/v2\/product_tag?post=105562"}],"curies":[{"name":"wp","href":"https:\/\/api.w.org\/{rel}","templated":true}]}}