{"id":105500,"date":"2017-03-23T00:51:31","date_gmt":"2017-03-23T00:51:31","guid":{"rendered":"http:\/\/keramika.holest.com\/slovenija\/product\/mosavit-mozaik-ploscice-mikros-inox\/"},"modified":"2026-01-04T00:01:43","modified_gmt":"2026-01-04T00:01:43","slug":"mosavit-mozaik-ploscice-mikros-inox","status":"publish","type":"product","link":"https:\/\/www.keramika.com\/slovenija\/mosavit-mozaik-ploscice-mikros-inox\/","title":{"rendered":"Mosavit mozaik plo\u0161\u010dice Mikros Inox"},"content":{"rendered":"<p>Zelo moderen mozaik v dominanti srebrni barvi popestri prav vsak prostor. Mozaik dobite pripet na mre\u017eo, kar olaj\u0161a njegovo polaganje. Velikost mre\u017ee je 31,6&#215;31,6 cm in je primerna za razli\u010dne povr\u0161ine. Na spletu boste za ta mozaik od\u0161teli le 244,75 EUR, medtem ko v redni prodaji cena zna\u0161a 305,94 EUR. Mosavit mosaic Mikros Inox je pripeljana iz \u0160panije in je zelo kvalitetna. Ta mozaik je debel 4 mm in je zelo trpe\u017een.<\/p>\n<p>Technical description: Min. 1 box \u2013 Delivery 30 Euro\/box in EU<\/p>\n","protected":false},"excerpt":{"rendered":"<p>Zelo moderen mozaik v dominanti srebrni barvi popestri prav vsak prostor. Mozaik dobite pripet na mre\u017eo, kar olaj\u0161a njegovo polaganje. Velikost mre\u017ee je 31,6&#215;31,6 cm in je primerna za razli\u010dne povr\u0161ine. Na spletu boste za ta mozaik od\u0161teli le 244,75 EUR, medtem ko v redni prodaji cena zna\u0161a 305,94 EUR. Mosavit mosaic Mikros Inox je [&hellip;]<\/p>\n","protected":false},"featured_media":105501,"template":"","meta":[],"product_cat":[999405,400,999,410],"product_tag":[],"_links":{"self":[{"href":"https:\/\/www.keramika.com\/slovenija\/wp-json\/wp\/v2\/product\/105500"}],"collection":[{"href":"https:\/\/www.keramika.com\/slovenija\/wp-json\/wp\/v2\/product"}],"about":[{"href":"https:\/\/www.keramika.com\/slovenija\/wp-json\/wp\/v2\/types\/product"}],"wp:featuredmedia":[{"embeddable":true,"href":"https:\/\/www.keramika.com\/slovenija\/wp-json\/wp\/v2\/media\/105501"}],"wp:attachment":[{"href":"https:\/\/www.keramika.com\/slovenija\/wp-json\/wp\/v2\/media?parent=105500"}],"wp:term":[{"taxonomy":"product_cat","embeddable":true,"href":"https:\/\/www.keramika.com\/slovenija\/wp-json\/wp\/v2\/product_cat?post=105500"},{"taxonomy":"product_tag","embeddable":true,"href":"https:\/\/www.keramika.com\/slovenija\/wp-json\/wp\/v2\/product_tag?post=105500"}],"curies":[{"name":"wp","href":"https:\/\/api.w.org\/{rel}","templated":true}]}}