{"id":105442,"date":"2017-04-23T00:48:53","date_gmt":"2017-04-23T00:48:53","guid":{"rendered":"http:\/\/keramika.holest.com\/slovenija\/product\/mosavit-mozaik-ploscice-fachaleta-beige\/"},"modified":"2026-01-04T00:01:36","modified_gmt":"2026-01-04T00:01:36","slug":"mosavit-mozaik-ploscice-fachaleta-beige","status":"publish","type":"product","link":"https:\/\/www.keramika.com\/slovenija\/mosavit-mozaik-ploscice-fachaleta-beige\/","title":{"rendered":"Mosavit mozaik plo\u0161\u010dice Fachaleta Beige"},"content":{"rendered":"<p>Na spletu boste za ta mozaik od\u0161teli le 114,5 EUR, medtem ko v redni prodaji cena zna\u0161a 143,12 EUR. Ta mozaik je izdelal proizvajalec Mosavit, ki prihaja iz \u0160panije. 12 mm debeline je dovolj tudi za zahtevnej\u0161e kupce. Ta mozaik plo\u0161\u010dica v \u010dudoviti be\u017e barvi bo obogatila vsak prostor. Mozaik dobite pripet na mre\u017eo, kar olaj\u0161a njegovo polaganje. Velikost mre\u017ee je 15&#215;50 cm in je primerna za razli\u010dne povr\u0161ine.<\/p>\n<p>Technical description: Min. 1 box \u2013 Delivery 30 Euro\/box in EU<\/p>\n","protected":false},"excerpt":{"rendered":"<p>Na spletu boste za ta mozaik od\u0161teli le 114,5 EUR, medtem ko v redni prodaji cena zna\u0161a 143,12 EUR. Ta mozaik je izdelal proizvajalec Mosavit, ki prihaja iz \u0160panije. 12 mm debeline je dovolj tudi za zahtevnej\u0161e kupce. Ta mozaik plo\u0161\u010dica v \u010dudoviti be\u017e barvi bo obogatila vsak prostor. Mozaik dobite pripet na mre\u017eo, kar [&hellip;]<\/p>\n","protected":false},"featured_media":105443,"template":"","meta":[],"product_cat":[420,999405,400,999],"product_tag":[],"_links":{"self":[{"href":"https:\/\/www.keramika.com\/slovenija\/wp-json\/wp\/v2\/product\/105442"}],"collection":[{"href":"https:\/\/www.keramika.com\/slovenija\/wp-json\/wp\/v2\/product"}],"about":[{"href":"https:\/\/www.keramika.com\/slovenija\/wp-json\/wp\/v2\/types\/product"}],"wp:featuredmedia":[{"embeddable":true,"href":"https:\/\/www.keramika.com\/slovenija\/wp-json\/wp\/v2\/media\/105443"}],"wp:attachment":[{"href":"https:\/\/www.keramika.com\/slovenija\/wp-json\/wp\/v2\/media?parent=105442"}],"wp:term":[{"taxonomy":"product_cat","embeddable":true,"href":"https:\/\/www.keramika.com\/slovenija\/wp-json\/wp\/v2\/product_cat?post=105442"},{"taxonomy":"product_tag","embeddable":true,"href":"https:\/\/www.keramika.com\/slovenija\/wp-json\/wp\/v2\/product_tag?post=105442"}],"curies":[{"name":"wp","href":"https:\/\/api.w.org\/{rel}","templated":true}]}}