{"id":105422,"date":"2017-03-23T00:47:57","date_gmt":"2017-03-23T00:47:57","guid":{"rendered":"http:\/\/keramika.holest.com\/slovenija\/product\/mosavit-mozaik-ploscice-coffee-time-mix\/"},"modified":"2026-01-04T00:01:34","modified_gmt":"2026-01-04T00:01:34","slug":"mosavit-mozaik-ploscice-coffee-time-mix","status":"publish","type":"product","link":"https:\/\/www.keramika.com\/slovenija\/mosavit-mozaik-ploscice-coffee-time-mix\/","title":{"rendered":"Mosavit mozaik plo\u0161\u010dice Coffee Time Mix"},"content":{"rendered":"<p>Z 31,6&#215;31,6 cm je mre\u017ea na katero so pripete te mozaik plo\u0161\u010dice primerna za razli\u010dne podlage. Ta mozaik je debel 4 mm in je zelo trpe\u017een. Pri izbiri mozaika v glavni beli barvi ne morete zgre\u0161iti. Mosavit mosaic Coffee Time Mix je plo\u0161\u010dica proizvajalca Mosavit in prihaja iz \u0160panije. Zaradi ni\u017ejih stro\u0161kov pri spletni prodaji boste na na\u0161i strani za ta mozaik od\u0161teli le 98,75 EUR.<\/p>\n<p>Technical description: Min. 1 box \u2013 Delivery 30 Euro\/box in EU<\/p>\n","protected":false},"excerpt":{"rendered":"<p>Z 31,6&#215;31,6 cm je mre\u017ea na katero so pripete te mozaik plo\u0161\u010dice primerna za razli\u010dne podlage. Ta mozaik je debel 4 mm in je zelo trpe\u017een. Pri izbiri mozaika v glavni beli barvi ne morete zgre\u0161iti. Mosavit mosaic Coffee Time Mix je plo\u0161\u010dica proizvajalca Mosavit in prihaja iz \u0160panije. Zaradi ni\u017ejih stro\u0161kov pri spletni prodaji [&hellip;]<\/p>\n","protected":false},"featured_media":105423,"template":"","meta":[],"product_cat":[999405,400,999,410],"product_tag":[],"_links":{"self":[{"href":"https:\/\/www.keramika.com\/slovenija\/wp-json\/wp\/v2\/product\/105422"}],"collection":[{"href":"https:\/\/www.keramika.com\/slovenija\/wp-json\/wp\/v2\/product"}],"about":[{"href":"https:\/\/www.keramika.com\/slovenija\/wp-json\/wp\/v2\/types\/product"}],"wp:featuredmedia":[{"embeddable":true,"href":"https:\/\/www.keramika.com\/slovenija\/wp-json\/wp\/v2\/media\/105423"}],"wp:attachment":[{"href":"https:\/\/www.keramika.com\/slovenija\/wp-json\/wp\/v2\/media?parent=105422"}],"wp:term":[{"taxonomy":"product_cat","embeddable":true,"href":"https:\/\/www.keramika.com\/slovenija\/wp-json\/wp\/v2\/product_cat?post=105422"},{"taxonomy":"product_tag","embeddable":true,"href":"https:\/\/www.keramika.com\/slovenija\/wp-json\/wp\/v2\/product_tag?post=105422"}],"curies":[{"name":"wp","href":"https:\/\/api.w.org\/{rel}","templated":true}]}}