{"id":105392,"date":"2017-03-23T00:46:33","date_gmt":"2017-03-23T00:46:33","guid":{"rendered":"http:\/\/keramika.holest.com\/slovenija\/product\/mosavit-mozaik-ploscice-australian-wave\/"},"modified":"2026-01-04T00:01:31","modified_gmt":"2026-01-04T00:01:31","slug":"mosavit-mozaik-ploscice-australian-wave","status":"publish","type":"product","link":"https:\/\/www.keramika.com\/slovenija\/mosavit-mozaik-ploscice-australian-wave\/","title":{"rendered":"Mosavit mozaik plo\u0161\u010dice Australian Wave"},"content":{"rendered":"<p>Mozaik na sliki je pripet na mre\u017eo, kar olaj\u0161a njegovo polaganje. Mre\u017ea je velika 31,6&#215;31,6 cm. Mosavit mosaic Australian Wave je pripeljana iz \u0160panije in je zelo kvalitetna. Na spletu boste za ta mozaik od\u0161teli le 673,75 EUR, medtem ko v redni prodaji cena zna\u0161a 842,19 EUR. Letos so mozaiki v beli barvi zelo za\u017eeljeni. Ta mozaik je debel 4 mm in je zelo trpe\u017een.<\/p>\n<p>Technical description: Min. 1 box \u2013 Delivery 30 Euro\/box in EU<\/p>\n","protected":false},"excerpt":{"rendered":"<p>Mozaik na sliki je pripet na mre\u017eo, kar olaj\u0161a njegovo polaganje. Mre\u017ea je velika 31,6&#215;31,6 cm. Mosavit mosaic Australian Wave je pripeljana iz \u0160panije in je zelo kvalitetna. Na spletu boste za ta mozaik od\u0161teli le 673,75 EUR, medtem ko v redni prodaji cena zna\u0161a 842,19 EUR. Letos so mozaiki v beli barvi zelo za\u017eeljeni. [&hellip;]<\/p>\n","protected":false},"featured_media":105393,"template":"","meta":[],"product_cat":[999405,400,999,410],"product_tag":[],"_links":{"self":[{"href":"https:\/\/www.keramika.com\/slovenija\/wp-json\/wp\/v2\/product\/105392"}],"collection":[{"href":"https:\/\/www.keramika.com\/slovenija\/wp-json\/wp\/v2\/product"}],"about":[{"href":"https:\/\/www.keramika.com\/slovenija\/wp-json\/wp\/v2\/types\/product"}],"wp:featuredmedia":[{"embeddable":true,"href":"https:\/\/www.keramika.com\/slovenija\/wp-json\/wp\/v2\/media\/105393"}],"wp:attachment":[{"href":"https:\/\/www.keramika.com\/slovenija\/wp-json\/wp\/v2\/media?parent=105392"}],"wp:term":[{"taxonomy":"product_cat","embeddable":true,"href":"https:\/\/www.keramika.com\/slovenija\/wp-json\/wp\/v2\/product_cat?post=105392"},{"taxonomy":"product_tag","embeddable":true,"href":"https:\/\/www.keramika.com\/slovenija\/wp-json\/wp\/v2\/product_tag?post=105392"}],"curies":[{"name":"wp","href":"https:\/\/api.w.org\/{rel}","templated":true}]}}