{"id":105384,"date":"2017-03-23T00:46:12","date_gmt":"2017-03-23T00:46:12","guid":{"rendered":"http:\/\/keramika.holest.com\/slovenija\/product\/mosavit-mozaik-ploscice-asi-gris\/"},"modified":"2026-01-04T00:01:30","modified_gmt":"2026-01-04T00:01:30","slug":"mosavit-mozaik-ploscice-asi-gris","status":"publish","type":"product","link":"https:\/\/www.keramika.com\/slovenija\/mosavit-mozaik-ploscice-asi-gris\/","title":{"rendered":"Mosavit mozaik plo\u0161\u010dice Asi Gris"},"content":{"rendered":"<p>Zaradi ni\u017ejih stro\u0161kov pri spletni prodaji boste na na\u0161i strani za ta mozaik od\u0161teli le 24,75 EUR. Mosavit mosaic Asi Gris je pripeljana iz \u0160panije in je zelo kvalitetna. Keramika v beli barvi popestri vsak prostor. 4 mm debeline je dovolj tudi za zahtevnej\u0161e kupce. Z 30&#215;30 cm je mre\u017ea na katero so pripete te mozaik plo\u0161\u010dice primerna za razli\u010dne podlage.<\/p>\n<p>Technical description: Min. 1 box \u2013 Delivery 30 Euro\/box in EU<\/p>\n","protected":false},"excerpt":{"rendered":"<p>Zaradi ni\u017ejih stro\u0161kov pri spletni prodaji boste na na\u0161i strani za ta mozaik od\u0161teli le 24,75 EUR. Mosavit mosaic Asi Gris je pripeljana iz \u0160panije in je zelo kvalitetna. Keramika v beli barvi popestri vsak prostor. 4 mm debeline je dovolj tudi za zahtevnej\u0161e kupce. Z 30&#215;30 cm je mre\u017ea na katero so pripete te [&hellip;]<\/p>\n","protected":false},"featured_media":105385,"template":"","meta":[],"product_cat":[420,999405,400,999],"product_tag":[],"_links":{"self":[{"href":"https:\/\/www.keramika.com\/slovenija\/wp-json\/wp\/v2\/product\/105384"}],"collection":[{"href":"https:\/\/www.keramika.com\/slovenija\/wp-json\/wp\/v2\/product"}],"about":[{"href":"https:\/\/www.keramika.com\/slovenija\/wp-json\/wp\/v2\/types\/product"}],"wp:featuredmedia":[{"embeddable":true,"href":"https:\/\/www.keramika.com\/slovenija\/wp-json\/wp\/v2\/media\/105385"}],"wp:attachment":[{"href":"https:\/\/www.keramika.com\/slovenija\/wp-json\/wp\/v2\/media?parent=105384"}],"wp:term":[{"taxonomy":"product_cat","embeddable":true,"href":"https:\/\/www.keramika.com\/slovenija\/wp-json\/wp\/v2\/product_cat?post=105384"},{"taxonomy":"product_tag","embeddable":true,"href":"https:\/\/www.keramika.com\/slovenija\/wp-json\/wp\/v2\/product_tag?post=105384"}],"curies":[{"name":"wp","href":"https:\/\/api.w.org\/{rel}","templated":true}]}}