{"id":104808,"date":"2017-03-23T00:24:01","date_gmt":"2017-03-23T00:24:01","guid":{"rendered":"http:\/\/keramika.holest.com\/slovenija\/product\/alttoglass-mozaik-alps-cervino\/"},"modified":"2026-01-03T00:02:31","modified_gmt":"2026-01-03T00:02:31","slug":"alttoglass-mozaik-alps-cervino","status":"publish","type":"product","link":"https:\/\/www.keramika.com\/slovenija\/alttoglass-mozaik-alps-cervino\/","title":{"rendered":"Alttoglass mozaik Alps Cervino"},"content":{"rendered":"<p>Alttoglass Mosaic Alps Cervino je pripeljana iz \u0160panije in je zelo kvalitetna. Debelina kar 8 mm dela ta mozaik zelo trpe\u017een in presti\u017een na otip. Na spletu boste za ta mozaik od\u0161teli le 180 EUR, medtem ko v redni prodaji cena zna\u0161a 225 EUR. Ta model mozaik plo\u0161\u010dic se najbolje prodaja v be\u017e barvi. Velikost mre\u017ee z mozaikom je 30&#215;30 cm, kar omogo\u010da enostavno polaganje.<\/p>\n<p>Kliknite na ime kolekcije za ogled vseh plo\u0161\u010dic iz te serije: <a class=\"pdfcatal\" href=\"\/\/www.ceramictiles.com\/pdf\/altoglass\/catalogue_altoglass_alps.pdf\" onclick=\"recordOutboundLink(this, 'E-mail', 'Description PDF');return false;\">Alttoglass Alps<\/a><\/p>\n<p>\u010ce \u017eelite naro\u010diti model iz pdf kataloga te kolekcije, nam pi\u0161ite na: <a href=\"mailto:keramoteka.salon@gmail.com\" onclick=\"recordOutboundLink(this, 'E-mail', 'Description mail');return false;\">keramoteka.salon@gmail.com<\/a> ali pa nas pokli\u010dite na: 031 255 900.<\/p>\n<p>Technical description: <br \/>Min. 1 box \u2013 Delivery 30 Euro\/box in EU<br \/>Ref. S0002 &#8211; 18,73 kg<\/p>\n","protected":false},"excerpt":{"rendered":"<p>Alttoglass Mosaic Alps Cervino je pripeljana iz \u0160panije in je zelo kvalitetna. Debelina kar 8 mm dela ta mozaik zelo trpe\u017een in presti\u017een na otip. Na spletu boste za ta mozaik od\u0161teli le 180 EUR, medtem ko v redni prodaji cena zna\u0161a 225 EUR. Ta model mozaik plo\u0161\u010dic se najbolje prodaja v be\u017e barvi. Velikost [&hellip;]<\/p>\n","protected":false},"featured_media":104809,"template":"","meta":[],"product_cat":[999759,420,400,999,430],"product_tag":[],"_links":{"self":[{"href":"https:\/\/www.keramika.com\/slovenija\/wp-json\/wp\/v2\/product\/104808"}],"collection":[{"href":"https:\/\/www.keramika.com\/slovenija\/wp-json\/wp\/v2\/product"}],"about":[{"href":"https:\/\/www.keramika.com\/slovenija\/wp-json\/wp\/v2\/types\/product"}],"wp:featuredmedia":[{"embeddable":true,"href":"https:\/\/www.keramika.com\/slovenija\/wp-json\/wp\/v2\/media\/104809"}],"wp:attachment":[{"href":"https:\/\/www.keramika.com\/slovenija\/wp-json\/wp\/v2\/media?parent=104808"}],"wp:term":[{"taxonomy":"product_cat","embeddable":true,"href":"https:\/\/www.keramika.com\/slovenija\/wp-json\/wp\/v2\/product_cat?post=104808"},{"taxonomy":"product_tag","embeddable":true,"href":"https:\/\/www.keramika.com\/slovenija\/wp-json\/wp\/v2\/product_tag?post=104808"}],"curies":[{"name":"wp","href":"https:\/\/api.w.org\/{rel}","templated":true}]}}