{"id":104646,"date":"2017-03-23T00:18:19","date_gmt":"2017-03-23T00:18:19","guid":{"rendered":"http:\/\/keramika.holest.com\/slovenija\/product\/mosavit-mosaico-forest-roble\/"},"modified":"2026-01-03T00:02:03","modified_gmt":"2026-01-03T00:02:03","slug":"mosavit-mosaico-forest-roble","status":"publish","type":"product","link":"https:\/\/www.keramika.com\/slovenija\/mosavit-mosaico-forest-roble\/","title":{"rendered":"Mosavit Mosaico Forest Roble"},"content":{"rendered":"<p>5 mm je debelina, ki zadovolji tudi zahtevnej\u0161e kupce. Letos so mozaiki v rjavi barvi zelo za\u017eeljeni. Mosavit Mosaico Forest Roble prihaja iz \u0160panije, ki je znana po zelo kvalitetni keramiki v svetovnem merilu. Na spletu boste za ta mozaik od\u0161teli le 111,25 EUR, medtem ko v redni prodaji cena zna\u0161a 139,06 EUR. Dimenzije mre\u017ee na katero je pripet ta mozaik so 31,6&#215;31,6 cm. Mre\u017ea omogo\u010da enostavnej\u0161e polaganje.<\/p>\n<p>Technical description: <\/p>\n<p>Min. 1 box &#8211; Delivery 30 Euro\/box in EU<\/p>\n","protected":false},"excerpt":{"rendered":"<p>5 mm je debelina, ki zadovolji tudi zahtevnej\u0161e kupce. Letos so mozaiki v rjavi barvi zelo za\u017eeljeni. Mosavit Mosaico Forest Roble prihaja iz \u0160panije, ki je znana po zelo kvalitetni keramiki v svetovnem merilu. Na spletu boste za ta mozaik od\u0161teli le 111,25 EUR, medtem ko v redni prodaji cena zna\u0161a 139,06 EUR. Dimenzije mre\u017ee [&hellip;]<\/p>\n","protected":false},"featured_media":104647,"template":"","meta":[],"product_cat":[999405,400,999,410],"product_tag":[],"_links":{"self":[{"href":"https:\/\/www.keramika.com\/slovenija\/wp-json\/wp\/v2\/product\/104646"}],"collection":[{"href":"https:\/\/www.keramika.com\/slovenija\/wp-json\/wp\/v2\/product"}],"about":[{"href":"https:\/\/www.keramika.com\/slovenija\/wp-json\/wp\/v2\/types\/product"}],"wp:featuredmedia":[{"embeddable":true,"href":"https:\/\/www.keramika.com\/slovenija\/wp-json\/wp\/v2\/media\/104647"}],"wp:attachment":[{"href":"https:\/\/www.keramika.com\/slovenija\/wp-json\/wp\/v2\/media?parent=104646"}],"wp:term":[{"taxonomy":"product_cat","embeddable":true,"href":"https:\/\/www.keramika.com\/slovenija\/wp-json\/wp\/v2\/product_cat?post=104646"},{"taxonomy":"product_tag","embeddable":true,"href":"https:\/\/www.keramika.com\/slovenija\/wp-json\/wp\/v2\/product_tag?post=104646"}],"curies":[{"name":"wp","href":"https:\/\/api.w.org\/{rel}","templated":true}]}}