{"id":104640,"date":"2017-03-23T00:18:06","date_gmt":"2017-03-23T00:18:06","guid":{"rendered":"http:\/\/keramika.holest.com\/slovenija\/product\/mosavit-mosaico-forest-embero\/"},"modified":"2026-01-03T00:02:03","modified_gmt":"2026-01-03T00:02:03","slug":"mosavit-mosaico-forest-embero","status":"publish","type":"product","link":"https:\/\/www.keramika.com\/slovenija\/mosavit-mosaico-forest-embero\/","title":{"rendered":"Mosavit Mosaico Forest Embero"},"content":{"rendered":"<p>Ta mozaik je debel 5 mm in je zelo trpe\u017een. Pri izbiri mozaika v glavni be\u017e barvi ne morete zgre\u0161iti. Ta mozaik je izdelal proizvajalec Mosavit, ki prihaja iz \u0160panije. Velikost mre\u017ee z mozaikom je 31,6&#215;31,6 cm, kar omogo\u010da enostavno polaganje. Mosavit Mosaico Forest Embero je na voljo po zelo ugodni ceni 111,25 EUR.<\/p>\n<p>Technical description: <\/p>\n<p>Min. 1 box &#8211; Delivery 30 Euro\/box in EU<\/p>\n","protected":false},"excerpt":{"rendered":"<p>Ta mozaik je debel 5 mm in je zelo trpe\u017een. Pri izbiri mozaika v glavni be\u017e barvi ne morete zgre\u0161iti. Ta mozaik je izdelal proizvajalec Mosavit, ki prihaja iz \u0160panije. Velikost mre\u017ee z mozaikom je 31,6&#215;31,6 cm, kar omogo\u010da enostavno polaganje. Mosavit Mosaico Forest Embero je na voljo po zelo ugodni ceni 111,25 EUR. Technical [&hellip;]<\/p>\n","protected":false},"featured_media":104641,"template":"","meta":[],"product_cat":[999405,400,999,410],"product_tag":[],"_links":{"self":[{"href":"https:\/\/www.keramika.com\/slovenija\/wp-json\/wp\/v2\/product\/104640"}],"collection":[{"href":"https:\/\/www.keramika.com\/slovenija\/wp-json\/wp\/v2\/product"}],"about":[{"href":"https:\/\/www.keramika.com\/slovenija\/wp-json\/wp\/v2\/types\/product"}],"wp:featuredmedia":[{"embeddable":true,"href":"https:\/\/www.keramika.com\/slovenija\/wp-json\/wp\/v2\/media\/104641"}],"wp:attachment":[{"href":"https:\/\/www.keramika.com\/slovenija\/wp-json\/wp\/v2\/media?parent=104640"}],"wp:term":[{"taxonomy":"product_cat","embeddable":true,"href":"https:\/\/www.keramika.com\/slovenija\/wp-json\/wp\/v2\/product_cat?post=104640"},{"taxonomy":"product_tag","embeddable":true,"href":"https:\/\/www.keramika.com\/slovenija\/wp-json\/wp\/v2\/product_tag?post=104640"}],"curies":[{"name":"wp","href":"https:\/\/api.w.org\/{rel}","templated":true}]}}