{"id":104288,"date":"2017-03-23T00:06:25","date_gmt":"2017-03-23T00:06:25","guid":{"rendered":"http:\/\/keramika.holest.com\/slovenija\/product\/projektne-ploscice-aparici-hd-xplode\/"},"modified":"2017-03-23T00:06:25","modified_gmt":"2017-03-23T00:06:25","slug":"projektne-ploscice-aparici-hd-xplode","status":"publish","type":"product","link":"https:\/\/www.keramika.com\/slovenija\/projektne-ploscice-aparici-hd-xplode\/","title":{"rendered":"Projektne plo\u0161\u0107ice Aparici HD\u00a0Xplode"},"content":{"rendered":"<p>Debelina kar 11 mm dela to plo\u0161\u010dico zelo trpe\u017eno in presti\u017eno na otip. Z velikostjo 60&#215;120 cm je ta plo\u0161\u010dica primerna ze razli\u010dne povr\u0161ine. Aparici HD\u00a0Xplode prihaja iz \u0160panije, ki je znana po zelo kvalitetni keramiki v svetovnem merilu. Zelo moderna plo\u0161\u010dica v rjavi barvi popestri prav vsak prostor.<\/p>\n<p>Kliknite na ime kolekcije za ogled vseh plo\u0161\u010dic iz te serije: <a class=\"pdfcatal\" href=\"\/\/www.ceramictiles.com\/pdf\/aparici\/catalogue_aparici_xplode.pdf\" onclick=\"recordOutboundLink(this, 'E-mail', 'Description PDF');return false;\">Aparici Xplode<\/a><\/p>\n<p>\u010ce \u017eelite naro\u010diti model iz pdf kataloga te kolekcije, nam pi\u0161ite na: <a href=\"mailto:keramoteka.salon@gmail.com\" onclick=\"recordOutboundLink(this, 'E-mail', 'Description mail');return false;\">keramoteka.salon@gmail.com<\/a> ali pa nas pokli\u010dite na: +386 31 255 900.<\/p>\n<p>Technical description: <br \/> W &#038; F 59,55&#215;119,3 ; 59,55&#215;59,55 ; 29,75&#215;59,55 <br \/>Xplode Nacar ; Xplode Inox ; Xplode Copper ;<\/p>\n","protected":false},"excerpt":{"rendered":"<p>Debelina kar 11 mm dela to plo\u0161\u010dico zelo trpe\u017eno in presti\u017eno na otip. Z velikostjo 60&#215;120 cm je ta plo\u0161\u010dica primerna ze razli\u010dne povr\u0161ine. Aparici HD\u00a0Xplode prihaja iz \u0160panije, ki je znana po zelo kvalitetni keramiki v svetovnem merilu. Zelo moderna plo\u0161\u010dica v rjavi barvi popestri prav vsak prostor. Kliknite na ime kolekcije za ogled [&hellip;]<\/p>\n","protected":false},"featured_media":104289,"template":"","meta":[],"product_cat":[999773,200,220,260,999,250,240],"product_tag":[],"_links":{"self":[{"href":"https:\/\/www.keramika.com\/slovenija\/wp-json\/wp\/v2\/product\/104288"}],"collection":[{"href":"https:\/\/www.keramika.com\/slovenija\/wp-json\/wp\/v2\/product"}],"about":[{"href":"https:\/\/www.keramika.com\/slovenija\/wp-json\/wp\/v2\/types\/product"}],"wp:featuredmedia":[{"embeddable":true,"href":"https:\/\/www.keramika.com\/slovenija\/wp-json\/wp\/v2\/media\/104289"}],"wp:attachment":[{"href":"https:\/\/www.keramika.com\/slovenija\/wp-json\/wp\/v2\/media?parent=104288"}],"wp:term":[{"taxonomy":"product_cat","embeddable":true,"href":"https:\/\/www.keramika.com\/slovenija\/wp-json\/wp\/v2\/product_cat?post=104288"},{"taxonomy":"product_tag","embeddable":true,"href":"https:\/\/www.keramika.com\/slovenija\/wp-json\/wp\/v2\/product_tag?post=104288"}],"curies":[{"name":"wp","href":"https:\/\/api.w.org\/{rel}","templated":true}]}}