{"id":103934,"date":"2017-03-22T23:55:40","date_gmt":"2017-03-22T23:55:40","guid":{"rendered":"http:\/\/keramika.holest.com\/slovenija\/product\/natucer-klinker-bisell-malvera\/"},"modified":"2026-01-03T00:01:15","modified_gmt":"2026-01-03T00:01:15","slug":"natucer-klinker-bisell-malvera","status":"publish","type":"product","link":"https:\/\/www.keramika.com\/slovenija\/natucer-klinker-bisell-malvera\/","title":{"rendered":"Natucer klinker Bisell Malvera"},"content":{"rendered":"<p>Plo\u0161\u010dica na sliki je velika 15&#215;50 cm. Natucer klinker Bisell Malvera je pripeljana iz \u0160panije in je zelo kvalitetna. 63,46 EUR v klasi\u010dni trgovini, pri nas pa le 50,77 EUR. Ta plo\u0161\u010dica je na voljo v \u010dudoviti vijoli\u010dni barvi, \u010de \u017eelite kak\u0161no drugo barvo pa nas kontaktirajte in preverili bomo pri proizvajalcu. 9 mm debeline je dovolj tudi za zahtevnej\u0161e kupce.<\/p>\n<p>Kliknite na ime kolekcije za ogled vseh plo\u0161\u010dic iz te serije: <a class=\"pdfcatal\" href=\"\/\/www.ceramictiles.com\/pdf\/natucer\/catalogue_natucer_bisell.pdf\" onclick=\"recordOutboundLink(this, 'E-mail', 'Description PDF');return false;\">Natucer Ceramica Bisell<\/a><\/p>\n<p>\u010ce \u017eelite naro\u010diti model iz pdf kataloga te kolekcije, nam pi\u0161ite na: <a href=\"mailto:keramoteka.salon@gmail.com\" onclick=\"recordOutboundLink(this, 'E-mail', 'Description mail');return false;\">keramoteka.salon@gmail.com<\/a> ali pa nas pokli\u010dite na: 031 255 900.<\/p>\n<p>Technical description: <br \/> W 15&#215;50 <br \/>Bisell Neu ; Bisell Nacre ; Bisell Rovell ; Bisell Cendra ; Bisell Malvera ;<\/p>\n","protected":false},"excerpt":{"rendered":"<p>Plo\u0161\u010dica na sliki je velika 15&#215;50 cm. Natucer klinker Bisell Malvera je pripeljana iz \u0160panije in je zelo kvalitetna. 63,46 EUR v klasi\u010dni trgovini, pri nas pa le 50,77 EUR. Ta plo\u0161\u010dica je na voljo v \u010dudoviti vijoli\u010dni barvi, \u010de \u017eelite kak\u0161no drugo barvo pa nas kontaktirajte in preverili bomo pri proizvajalcu. 9 mm debeline [&hellip;]<\/p>\n","protected":false},"featured_media":103935,"template":"","meta":[],"product_cat":[100,9991435,120,999],"product_tag":[],"_links":{"self":[{"href":"https:\/\/www.keramika.com\/slovenija\/wp-json\/wp\/v2\/product\/103934"}],"collection":[{"href":"https:\/\/www.keramika.com\/slovenija\/wp-json\/wp\/v2\/product"}],"about":[{"href":"https:\/\/www.keramika.com\/slovenija\/wp-json\/wp\/v2\/types\/product"}],"wp:featuredmedia":[{"embeddable":true,"href":"https:\/\/www.keramika.com\/slovenija\/wp-json\/wp\/v2\/media\/103935"}],"wp:attachment":[{"href":"https:\/\/www.keramika.com\/slovenija\/wp-json\/wp\/v2\/media?parent=103934"}],"wp:term":[{"taxonomy":"product_cat","embeddable":true,"href":"https:\/\/www.keramika.com\/slovenija\/wp-json\/wp\/v2\/product_cat?post=103934"},{"taxonomy":"product_tag","embeddable":true,"href":"https:\/\/www.keramika.com\/slovenija\/wp-json\/wp\/v2\/product_tag?post=103934"}],"curies":[{"name":"wp","href":"https:\/\/api.w.org\/{rel}","templated":true}]}}