{"id":103912,"date":"2017-03-22T23:54:58","date_gmt":"2017-03-22T23:54:58","guid":{"rendered":"http:\/\/keramika.holest.com\/slovenija\/product\/stenske-ploscice-arcana-serenity-rosa\/"},"modified":"2026-01-03T00:01:11","modified_gmt":"2026-01-03T00:01:11","slug":"stenske-ploscice-arcana-serenity-rosa","status":"publish","type":"product","link":"https:\/\/www.keramika.com\/slovenija\/stenske-ploscice-arcana-serenity-rosa\/","title":{"rendered":"Stenske plo\u0161\u010dice Arcana Serenity rosa"},"content":{"rendered":"<p>Arcana Serenity rosa je plo\u0161\u010dica proizvajalca Arcana tiles in prihaja iz \u0160panije. Debelina kar 9 mm dela to plo\u0161\u010dico zelo trpe\u017eno in presti\u017eno na otip. \u0160irina in dol\u017eina te plo\u0161\u010dice sta 25&#215;75 cm. Keramika v roza barvi popestri vsak prostor. 53,63 EUR v klasi\u010dni trgovini, pri nas pa le 42,9 EUR.<\/p>\n<p>Kliknite na ime kolekcije za ogled vseh plo\u0161\u010dic iz te serije: <a class=\"pdfcatal\" href=\"\/\/www.ceramictiles.com\/pdf\/arcana\/catalogue_arcana_serenity.pdf\" onclick=\"recordOutboundLink(this, 'E-mail', 'Description PDF');return false;\">Arcana tiles Serenity<\/a><\/p>\n<p>\u010ce \u017eelite naro\u010diti model iz pdf kataloga te kolekcije, nam pi\u0161ite na: <a href=\"mailto:keramoteka.salon@gmail.com\" onclick=\"recordOutboundLink(this, 'E-mail', 'Description mail');return false;\">keramoteka.salon@gmail.com<\/a> ali pa nas pokli\u010dite na: +386 31 255 900.<\/p>\n<p>Technical description: <br \/> W 25&#215;75 <br \/>Serenity Azul ; Serenity Rosa ; Serenity Blanco ;<\/p>\n","protected":false},"excerpt":{"rendered":"<p>Arcana Serenity rosa je plo\u0161\u010dica proizvajalca Arcana tiles in prihaja iz \u0160panije. Debelina kar 9 mm dela to plo\u0161\u010dico zelo trpe\u017eno in presti\u017eno na otip. \u0160irina in dol\u017eina te plo\u0161\u010dice sta 25&#215;75 cm. Keramika v roza barvi popestri vsak prostor. 53,63 EUR v klasi\u010dni trgovini, pri nas pa le 42,9 EUR. Kliknite na ime kolekcije [&hellip;]<\/p>\n","protected":false},"featured_media":103913,"template":"","meta":[],"product_cat":[99921439,200,260,999,290,250],"product_tag":[],"_links":{"self":[{"href":"https:\/\/www.keramika.com\/slovenija\/wp-json\/wp\/v2\/product\/103912"}],"collection":[{"href":"https:\/\/www.keramika.com\/slovenija\/wp-json\/wp\/v2\/product"}],"about":[{"href":"https:\/\/www.keramika.com\/slovenija\/wp-json\/wp\/v2\/types\/product"}],"wp:featuredmedia":[{"embeddable":true,"href":"https:\/\/www.keramika.com\/slovenija\/wp-json\/wp\/v2\/media\/103913"}],"wp:attachment":[{"href":"https:\/\/www.keramika.com\/slovenija\/wp-json\/wp\/v2\/media?parent=103912"}],"wp:term":[{"taxonomy":"product_cat","embeddable":true,"href":"https:\/\/www.keramika.com\/slovenija\/wp-json\/wp\/v2\/product_cat?post=103912"},{"taxonomy":"product_tag","embeddable":true,"href":"https:\/\/www.keramika.com\/slovenija\/wp-json\/wp\/v2\/product_tag?post=103912"}],"curies":[{"name":"wp","href":"https:\/\/api.w.org\/{rel}","templated":true}]}}