{"id":103880,"date":"2017-03-22T23:53:52","date_gmt":"2017-03-22T23:53:52","guid":{"rendered":"http:\/\/keramika.holest.com\/slovenija\/product\/talne-in-stenske-ploscice-alcalagres-roma-negro\/"},"modified":"2026-01-03T00:01:07","modified_gmt":"2026-01-03T00:01:07","slug":"talne-in-stenske-ploscice-alcalagres-roma-negro","status":"publish","type":"product","link":"https:\/\/www.keramika.com\/slovenija\/talne-in-stenske-ploscice-alcalagres-roma-negro\/","title":{"rendered":"Talne in stenske plo\u0161\u010dice Alcalagres Roma Negro"},"content":{"rendered":"<p>Alcalagres Roma Negro je plo\u0161\u010dica proizvajalca Alcalagres in prihaja iz \u0160panije. Debelina plo\u0161\u010dice je zelo pomembna in 9 mm uvr\u0161\u010da to plo\u0161\u010dico med najkvalitetnej\u0161e. Z 45&#215;90 cm je ta plo\u0161\u010dica primerna za razli\u010dne podlage. V redni prodaji bi morali za to plo\u0161\u010dico od\u0161teti 47,81 EUR, spletna cena pa zna\u0161a le 38,25 EUR. Zelo moderna plo\u0161\u010dica v \u010drni barvi popestri prav vsak prostor.<\/p>\n<p>Kliknite na ime kolekcije za ogled vseh plo\u0161\u010dic iz te serije: <a class=\"pdfcatal\" href=\"\/\/www.ceramictiles.com\/pdf\/alcalagres\/catalogue_alcalagres_roma.pdf\" onclick=\"recordOutboundLink(this, 'E-mail', 'Description PDF');return false;\">Alcalagres Roma<\/a><\/p>\n<p>\u010ce \u017eelite naro\u010diti model iz pdf kataloga te kolekcije, nam pi\u0161ite na: <a href=\"mailto:keramoteka.salon@gmail.com\" onclick=\"recordOutboundLink(this, 'E-mail', 'Description mail');return false;\">keramoteka.salon@gmail.com<\/a> ali pa nas pokli\u010dite na: 031 255 900.<\/p>\n<p>Technical description: <br \/>  W &#038; F: 30&#215;60 ; 45&#215;90 ; 60&#215;60 <br \/>Roma Negro Mate ; Roma Negro Lucidato ; Roma Negro Antideslizante ; Roma Grafito Mate ; Roma Grafito Lucidato ; Roma Grafito Antideslizante ; Roma Gris Mate ; Roma Gris Lucidato ; Roma Gris Antideslizante ; Roma Nacar Mate ; Roma Nacar Lucidato ; Roma Nacar Antideslizante ; Roma Arena Mate ; Roma Arena Lucidato ; Roma Arena Antideslizante ;<\/p>\n","protected":false},"excerpt":{"rendered":"<p>Alcalagres Roma Negro je plo\u0161\u010dica proizvajalca Alcalagres in prihaja iz \u0160panije. Debelina plo\u0161\u010dice je zelo pomembna in 9 mm uvr\u0161\u010da to plo\u0161\u010dico med najkvalitetnej\u0161e. Z 45&#215;90 cm je ta plo\u0161\u010dica primerna za razli\u010dne podlage. V redni prodaji bi morali za to plo\u0161\u010dico od\u0161teti 47,81 EUR, spletna cena pa zna\u0161a le 38,25 EUR. Zelo moderna plo\u0161\u010dica [&hellip;]<\/p>\n","protected":false},"featured_media":103881,"template":"","meta":[],"product_cat":[99952,200,260,999,290,250,240],"product_tag":[],"_links":{"self":[{"href":"https:\/\/www.keramika.com\/slovenija\/wp-json\/wp\/v2\/product\/103880"}],"collection":[{"href":"https:\/\/www.keramika.com\/slovenija\/wp-json\/wp\/v2\/product"}],"about":[{"href":"https:\/\/www.keramika.com\/slovenija\/wp-json\/wp\/v2\/types\/product"}],"wp:featuredmedia":[{"embeddable":true,"href":"https:\/\/www.keramika.com\/slovenija\/wp-json\/wp\/v2\/media\/103881"}],"wp:attachment":[{"href":"https:\/\/www.keramika.com\/slovenija\/wp-json\/wp\/v2\/media?parent=103880"}],"wp:term":[{"taxonomy":"product_cat","embeddable":true,"href":"https:\/\/www.keramika.com\/slovenija\/wp-json\/wp\/v2\/product_cat?post=103880"},{"taxonomy":"product_tag","embeddable":true,"href":"https:\/\/www.keramika.com\/slovenija\/wp-json\/wp\/v2\/product_tag?post=103880"}],"curies":[{"name":"wp","href":"https:\/\/api.w.org\/{rel}","templated":true}]}}