{"id":103668,"date":"2017-03-22T23:45:34","date_gmt":"2017-03-22T23:45:34","guid":{"rendered":"http:\/\/keramika.holest.com\/slovenija\/product\/talne-in-stenske-ploscice-pavigres-feel-castanho\/"},"modified":"2026-01-03T00:01:00","modified_gmt":"2026-01-03T00:01:00","slug":"talne-in-stenske-ploscice-pavigres-feel-castanho","status":"publish","type":"product","link":"https:\/\/www.keramika.com\/slovenija\/talne-in-stenske-ploscice-pavigres-feel-castanho\/","title":{"rendered":"Talne in stenske plo\u0161\u010dice Pavigres Feel Castanho"},"content":{"rendered":"<p>Debelina kar 8 mm dela to plo\u0161\u010dico zelo trpe\u017eno in presti\u017eno na otip. Pavigres Feel Castanho je na voljo po zelo ugodni ceni 15,31 EUR. Ta model plo\u0161\u010dice se najbolje prodaja v rjavi barvi. Dimenzije te plo\u0161\u010dice so 41&#215;41 cm. Ta plo\u0161\u010dica prihaja iz Portugalske, ki je znana po kvalitetni keramiki.<\/p>\n<p>Kliknite na ime kolekcije za ogled vseh plo\u0161\u010dic iz te serije: <a class=\"pdfcatal\" href=\"\/\/www.ceramictiles.com\/pdf\/pavigres\/catalogue_pavigres_feel.pdf\" onclick=\"recordOutboundLink(this, 'E-mail', 'Description PDF');return false;\">Pavigres Feel<\/a><\/p>\n<p>\u010ce \u017eelite naro\u010diti model iz pdf kataloga te kolekcije, nam pi\u0161ite na: <a href=\"mailto:keramoteka.salon@gmail.com\" onclick=\"recordOutboundLink(this, 'E-mail', 'Description mail');return false;\">keramoteka.salon@gmail.com<\/a> ali pa nas pokli\u010dite na: 031 255 900.<\/p>\n<p>Technical description: <\/p>\n<p>Feel Bege 3307 1A &#8211; 31.7&#215;31.7&#215;7.2 mm ; Feel Bege 43\/446 1A &#8211; 25x43x8.9 mm ; Feel Bege 4407 1A &#8211; 41x41x8.3 mm ; Feel Bege 9207 1A &#8211; 19.7&#215;19.7&#215;7.2 mm ; Feel Bege Pc43\/446B 2.5&#215;5 1A &#8211; 25x43x8.9 mm ; Feel Bege Pc43\/446H 5&#215;43 1A &#8211; 25x43x8.9 mm ; Feel Bege Pc43\/446J 5&#215;10.5 1A &#8211; 25x43x8.9 mm ; Feel Castanho 3308 1A &#8211; 31.7&#215;31.7&#215;7.2 mm ; Feel Castanho 43\/446 1A &#8211; 25x43x8.9 mm ; Feel Castanho 4408 1A &#8211; 41x41x8.3 mm ; Feel Castanho 9208 1A &#8211; 19.7&#215;19.7&#215;7.2 mm ; Feel Castanho Pc43\/446B 2.5&#215;5 1A &#8211; 25x43x8.9 mm ; Feel Castanho Pc43\/446H 5&#215;43 1A &#8211; 25x43x8.9 mm ; Feel Castanho Pc43\/446J 5&#215;10.5 1A &#8211; 25x43x8.9 mm ; Feel Cinza 3309 1A &#8211; 31.7&#215;31.7&#215;7.2 mm ; Feel Cinza 43\/446 1A &#8211; 25x43x8.9 mm ; Feel Cinza 4409 1A &#8211; 41x41x8.3 mm ; Feel Cinza 9209 1A &#8211; 19.7&#215;19.7&#215;7.2 mm ; Feel Cinza Cl. Pc43\/446J 5&#215;10.5 1A &#8211; 25x43x8.9 mm ; Feel Cinza Claro 43\/446 1A &#8211; 25x43x8.9 mm ; Feel Cinza Claro Pc43\/446B 2.5&#215;5 1A &#8211; 25x43x8.9 mm ; Feel Cinza Claro Pc43\/446H 5&#215;43 1A &#8211; 25x43x8.9 mm ; Feel Cinza Pc43\/446B 2.5&#215;5 1A &#8211; 25x43x8.9 mm ; Feel Cinza Pc43\/446H 5&#215;43 1A &#8211; 25x43x8.9 mm ; Feel Cinza Pc43\/446J 5&#215;10.5 1A &#8211; 25x43x8.9 mm ; Feel Grafite 3310 1A &#8211; 31.7&#215;31.7&#215;7.2 mm ; Feel Grafite 43\/446 1A &#8211; 25x43x8.9 mm ; Feel Grafite 4410 1A &#8211; 41x41x8.3 mm ; Feel Grafite 9210 1A &#8211; 19.7&#215;19.7&#215;7.2 mm ; Feel Grafite Pc43\/446B 2.5&#215;5 1A &#8211; 25x43x8.9 mm ; Feel Grafite Pc43\/446H 5&#215;43 1A &#8211; 25x43x8.9 mm ; Feel Grafite Pc43\/446J 5&#215;10.5 1A &#8211; 25x43x8.9 mm ; Feel Marfim 3306 1A &#8211; 31.7&#215;31.7&#215;7.2 mm ; Feel Marfim 43\/446 1A &#8211; 25x43x8.9 mm ; Feel Marfim 4406 1A &#8211; 41x41x8.3 mm ; Feel Marfim 9206 1A &#8211; 19.7&#215;19.7&#215;7.2 mm ; Feel Marfim Pc43\/446B 2.5&#215;5 1A &#8211; 25x43x8.9 mm ; Feel Marfim Pc43\/446H 5&#215;43 1A &#8211; 25x43x8.9 mm ; Feel Marfim Pc43\/446J 5&#215;10.5 1A &#8211; 25x43x8.9 mm ;<\/p>\n","protected":false},"excerpt":{"rendered":"<p>Debelina kar 8 mm dela to plo\u0161\u010dico zelo trpe\u017eno in presti\u017eno na otip. Pavigres Feel Castanho je na voljo po zelo ugodni ceni 15,31 EUR. Ta model plo\u0161\u010dice se najbolje prodaja v rjavi barvi. Dimenzije te plo\u0161\u010dice so 41&#215;41 cm. Ta plo\u0161\u010dica prihaja iz Portugalske, ki je znana po kvalitetni keramiki. Kliknite na ime kolekcije [&hellip;]<\/p>\n","protected":false},"featured_media":103669,"template":"","meta":[],"product_cat":[200,9991483,999,290,240],"product_tag":[],"_links":{"self":[{"href":"https:\/\/www.keramika.com\/slovenija\/wp-json\/wp\/v2\/product\/103668"}],"collection":[{"href":"https:\/\/www.keramika.com\/slovenija\/wp-json\/wp\/v2\/product"}],"about":[{"href":"https:\/\/www.keramika.com\/slovenija\/wp-json\/wp\/v2\/types\/product"}],"wp:featuredmedia":[{"embeddable":true,"href":"https:\/\/www.keramika.com\/slovenija\/wp-json\/wp\/v2\/media\/103669"}],"wp:attachment":[{"href":"https:\/\/www.keramika.com\/slovenija\/wp-json\/wp\/v2\/media?parent=103668"}],"wp:term":[{"taxonomy":"product_cat","embeddable":true,"href":"https:\/\/www.keramika.com\/slovenija\/wp-json\/wp\/v2\/product_cat?post=103668"},{"taxonomy":"product_tag","embeddable":true,"href":"https:\/\/www.keramika.com\/slovenija\/wp-json\/wp\/v2\/product_tag?post=103668"}],"curies":[{"name":"wp","href":"https:\/\/api.w.org\/{rel}","templated":true}]}}