{"id":103660,"date":"2017-03-22T23:45:19","date_gmt":"2017-03-22T23:45:19","guid":{"rendered":"http:\/\/keramika.holest.com\/slovenija\/product\/ploscice-za-kopalnico-pavigres-cipreste-preto\/"},"modified":"2026-01-03T00:00:59","modified_gmt":"2026-01-03T00:00:59","slug":"ploscice-za-kopalnico-pavigres-cipreste-preto","status":"publish","type":"product","link":"https:\/\/www.keramika.com\/slovenija\/ploscice-za-kopalnico-pavigres-cipreste-preto\/","title":{"rendered":"Plo\u0161\u010dice za kopalnico Pavigres Cipreste Preto"},"content":{"rendered":"<p>Velikost te plo\u0161\u010dice je 25&#215;43 cm. 9 mm debeline je dovolj tudi za zahtevnej\u0161e kupce. 34,65 EUR v klasi\u010dni trgovini, pri nas pa le 27,72 EUR. Ta kerami\u010dna plo\u0161\u010dica v \u010dudoviti \u010drni barvi bo obogatila vsak prostor. Prihaja iz Portugalske, ki po svetu slovi kot ena bolj\u0161ih proizvajalk kerami\u010dnih plo\u0161\u010dic.<\/p>\n<p>Kliknite na ime kolekcije za ogled vseh plo\u0161\u010dic iz te serije: <a class=\"pdfcatal\" href=\"\/\/www.ceramictiles.com\/pdf\/pavigres\/catalogue_pavigres_cipreste.pdf\" onclick=\"recordOutboundLink(this, 'E-mail', 'Description PDF');return false;\">Pavigres Cipreste<\/a><\/p>\n<p>\u010ce \u017eelite naro\u010diti model iz pdf kataloga te kolekcije, nam pi\u0161ite na: <a href=\"mailto:keramoteka.salon@gmail.com\" onclick=\"recordOutboundLink(this, 'E-mail', 'Description mail');return false;\">keramoteka.salon@gmail.com<\/a> ali pa nas pokli\u010dite na: 031 255 900.<\/p>\n<p>Technical description: <\/p>\n<p>Cipreste B.Opaco 43\/600 1A &#8211; 25x43x8.9 mm ; Cipreste Baviera Opaco 39\/614 1A &#8211; 19.7&#215;39.7&#215;8.9 mm ; Cipreste Br. Mate 39\/601 1A &#8211; 19.7&#215;39.7&#215;8.9 mm ; Cipreste Br. Opaco 39\/600 1A &#8211; 19.7&#215;39.7&#215;8.9 mm ; Cipreste Br.Mate 43\/601 1A &#8211; 25x43x8.9 mm ; Cipreste Br.Mate 57\/601 1A &#8211; 19.7&#215;59.7&#215;11.6 mm ; Cipreste Br.Mate 58\/601 1A &#8211; 28.7&#215;58.7&#215;11.9 mm ; Cipreste Br.Mate 59\/601 1A &#8211; 29.7&#215;59.7&#215;11.9 mm ; Cipreste Br.Opaco 57\/600 1A &#8211; 19.7&#215;59.7&#215;11.6 mm ; Cipreste Br.Opaco 58\/600 1A &#8211; 28.7&#215;58.7&#215;11.9 mm ; Cipreste Br.Opaco 59\/600 1A &#8211; 29.7&#215;59.7&#215;11.9 mm ; Cipreste Marfim Opaco 39\/616 1A &#8211; 19.7&#215;39.7&#215;8.9 mm ; Cipreste Preto Mate 43\/606 1A &#8211; 25x43x8.9 mm ; Cipreste Preto Mate 58\/606 1A &#8211; 28.7&#215;58.7&#215;11.9 mm ; Cipreste Preto Mate 59\/606 1A &#8211; 29.7&#215;59.7&#215;11.9 mm ; Cipreste Preto Opaco 43\/605 1A &#8211; 25x43x8.9 mm ; Cipreste Preto Opaco 58\/605 1A &#8211; 28.7&#215;58.7&#215;11.9 mm ; Cipreste Preto Opaco 59\/605 1A &#8211; 29.7&#215;59.7&#215;11.9 mm ; Cipreste Turquesa 57\/611 1A &#8211; 19.7&#215;59.7&#215;11.6 mm ; Cipreste Zinco Opaco 39\/615 1A &#8211; 19.7&#215;39.7&#215;8.9 mm ;<\/p>\n","protected":false},"excerpt":{"rendered":"<p>Velikost te plo\u0161\u010dice je 25&#215;43 cm. 9 mm debeline je dovolj tudi za zahtevnej\u0161e kupce. 34,65 EUR v klasi\u010dni trgovini, pri nas pa le 27,72 EUR. Ta kerami\u010dna plo\u0161\u010dica v \u010dudoviti \u010drni barvi bo obogatila vsak prostor. Prihaja iz Portugalske, ki po svetu slovi kot ena bolj\u0161ih proizvajalk kerami\u010dnih plo\u0161\u010dic. Kliknite na ime kolekcije za [&hellip;]<\/p>\n","protected":false},"featured_media":103661,"template":"","meta":[],"product_cat":[200,220,9991483,999,250],"product_tag":[],"_links":{"self":[{"href":"https:\/\/www.keramika.com\/slovenija\/wp-json\/wp\/v2\/product\/103660"}],"collection":[{"href":"https:\/\/www.keramika.com\/slovenija\/wp-json\/wp\/v2\/product"}],"about":[{"href":"https:\/\/www.keramika.com\/slovenija\/wp-json\/wp\/v2\/types\/product"}],"wp:featuredmedia":[{"embeddable":true,"href":"https:\/\/www.keramika.com\/slovenija\/wp-json\/wp\/v2\/media\/103661"}],"wp:attachment":[{"href":"https:\/\/www.keramika.com\/slovenija\/wp-json\/wp\/v2\/media?parent=103660"}],"wp:term":[{"taxonomy":"product_cat","embeddable":true,"href":"https:\/\/www.keramika.com\/slovenija\/wp-json\/wp\/v2\/product_cat?post=103660"},{"taxonomy":"product_tag","embeddable":true,"href":"https:\/\/www.keramika.com\/slovenija\/wp-json\/wp\/v2\/product_tag?post=103660"}],"curies":[{"name":"wp","href":"https:\/\/api.w.org\/{rel}","templated":true}]}}