{"id":103654,"date":"2017-03-22T23:45:07","date_gmt":"2017-03-22T23:45:07","guid":{"rendered":"http:\/\/keramika.holest.com\/slovenija\/product\/ploscice-za-kopalnico-pavigres-spring-laranja\/"},"modified":"2026-01-03T00:00:58","modified_gmt":"2026-01-03T00:00:58","slug":"ploscice-za-kopalnico-pavigres-spring-laranja","status":"publish","type":"product","link":"https:\/\/www.keramika.com\/slovenija\/ploscice-za-kopalnico-pavigres-spring-laranja\/","title":{"rendered":"Plo\u0161\u010dice za kopalnico Pavigres Spring Laranja"},"content":{"rendered":"<p>Ta plo\u0161\u010dica je na voljo v \u010dudoviti oran\u017eni barvi, \u010de \u017eelite kak\u0161no drugo barvo pa nas kontaktirajte in preverili bomo pri proizvajalcu. V redni prodaji bi morali za to plo\u0161\u010dico od\u0161teti 24,75 EUR, spletna cena pa zna\u0161a le 19,8 EUR. Prihaja iz Portugalske, ki po svetu slovi kot ena bolj\u0161ih proizvajalk kerami\u010dnih plo\u0161\u010dic. 9 mm debeline je dovolj tudi za zahtevnej\u0161e kupce. Plo\u0161\u010dica na sliki je velika 25&#215;43 cm.<\/p>\n<p>Kliknite na ime kolekcije za ogled vseh plo\u0161\u010dic iz te serije: <a class=\"pdfcatal\" href=\"\/\/www.ceramictiles.com\/pdf\/pavigres\/catalogue_pavigres_spring.pdf\" onclick=\"recordOutboundLink(this, 'E-mail', 'Description PDF');return false;\">Pavigres Spring<\/a><\/p>\n<p>\u010ce \u017eelite naro\u010diti model iz pdf kataloga te kolekcije, nam pi\u0161ite na: <a href=\"mailto:keramoteka.salon@gmail.com\" onclick=\"recordOutboundLink(this, 'E-mail', 'Description mail');return false;\">keramoteka.salon@gmail.com<\/a> ali pa nas pokli\u010dite na: 031 255 900.<\/p>\n<p>Technical description: <\/p>\n<p>Spring Azul 43\/440 1A &#8211; 25x43x8.9 mm ; Spring Branco 43\/440 1A &#8211; 25x43x8.9 mm ; Spring Castanho 43\/440 1A &#8211; 25x43x8.9 mm ; Spring Laranja 43\/440 1A &#8211; 25x43x8.9 mm ; Spring Preto 43\/440 1A &#8211; 25x43x8.9 mm ; Spring Verde 43\/440 1A &#8211; 25x43x8.9 mm ; Spring Vermelho 43\/440 1A &#8211; 25x43x8.9 mm ;<\/p>\n","protected":false},"excerpt":{"rendered":"<p>Ta plo\u0161\u010dica je na voljo v \u010dudoviti oran\u017eni barvi, \u010de \u017eelite kak\u0161no drugo barvo pa nas kontaktirajte in preverili bomo pri proizvajalcu. V redni prodaji bi morali za to plo\u0161\u010dico od\u0161teti 24,75 EUR, spletna cena pa zna\u0161a le 19,8 EUR. Prihaja iz Portugalske, ki po svetu slovi kot ena bolj\u0161ih proizvajalk kerami\u010dnih plo\u0161\u010dic. 9 mm [&hellip;]<\/p>\n","protected":false},"featured_media":103655,"template":"","meta":[],"product_cat":[200,220,9991483,999,250],"product_tag":[],"_links":{"self":[{"href":"https:\/\/www.keramika.com\/slovenija\/wp-json\/wp\/v2\/product\/103654"}],"collection":[{"href":"https:\/\/www.keramika.com\/slovenija\/wp-json\/wp\/v2\/product"}],"about":[{"href":"https:\/\/www.keramika.com\/slovenija\/wp-json\/wp\/v2\/types\/product"}],"wp:featuredmedia":[{"embeddable":true,"href":"https:\/\/www.keramika.com\/slovenija\/wp-json\/wp\/v2\/media\/103655"}],"wp:attachment":[{"href":"https:\/\/www.keramika.com\/slovenija\/wp-json\/wp\/v2\/media?parent=103654"}],"wp:term":[{"taxonomy":"product_cat","embeddable":true,"href":"https:\/\/www.keramika.com\/slovenija\/wp-json\/wp\/v2\/product_cat?post=103654"},{"taxonomy":"product_tag","embeddable":true,"href":"https:\/\/www.keramika.com\/slovenija\/wp-json\/wp\/v2\/product_tag?post=103654"}],"curies":[{"name":"wp","href":"https:\/\/api.w.org\/{rel}","templated":true}]}}