{"id":103590,"date":"2017-03-22T23:43:14","date_gmt":"2017-03-22T23:43:14","guid":{"rendered":"http:\/\/keramika.holest.com\/slovenija\/product\/ploscice-imitacija-kamna-realonda-agora-rojo\/"},"modified":"2026-01-03T00:00:46","modified_gmt":"2026-01-03T00:00:46","slug":"ploscice-imitacija-kamna-realonda-agora-rojo","status":"publish","type":"product","link":"https:\/\/www.keramika.com\/slovenija\/ploscice-imitacija-kamna-realonda-agora-rojo\/","title":{"rendered":"Plo\u0161\u010dice imitacija kamna Realonda Agora Rojo"},"content":{"rendered":"<p>Z velikostjo 44&#215;44 cm je ta plo\u0161\u010dica primerna ze razli\u010dne povr\u0161ine. V redni prodaji bi morali za to plo\u0161\u010dico od\u0161teti 30,52 EUR, spletna cena pa zna\u0161a le 24,42 EUR. Zelo moderna plo\u0161\u010dica v rde\u010di barvi popestri prav vsak prostor. Ta plo\u0161\u010dica je debela 9 mm in je zelo trpe\u017ena. Realonda Agora Rojo je plo\u0161\u010dica proizvajalca Realonda Ceramica in prihaja iz \u0160panije.<\/p>\n<p>Kliknite na ime kolekcije za ogled vseh plo\u0161\u010dic iz te serije: <a class=\"pdfcatal\" href=\"\/\/www.ceramictiles.com\/pdf\/realonda\/catalogue_realonda_agora.pdf\" onclick=\"recordOutboundLink(this, 'E-mail', 'Description PDF');return false;\">Realonda Ceramica Agora<\/a><\/p>\n<p>\u010ce \u017eelite naro\u010diti model iz pdf kataloga te kolekcije, nam pi\u0161ite na: <a href=\"mailto:keramoteka.salon@gmail.com\" onclick=\"recordOutboundLink(this, 'E-mail', 'Description mail');return false;\">keramoteka.salon@gmail.com<\/a> ali pa nas pokli\u010dite na: 031 255 900.<\/p>\n<p>Technical description: <\/p>\n<p>44&#215;44 cm :  \u00c1gora Ivory ; \u00c1gora Rojo ; \u00c1gora Antracita ;<\/p>\n","protected":false},"excerpt":{"rendered":"<p>Z velikostjo 44&#215;44 cm je ta plo\u0161\u010dica primerna ze razli\u010dne povr\u0161ine. V redni prodaji bi morali za to plo\u0161\u010dico od\u0161teti 30,52 EUR, spletna cena pa zna\u0161a le 24,42 EUR. Zelo moderna plo\u0161\u010dica v rde\u010di barvi popestri prav vsak prostor. Ta plo\u0161\u010dica je debela 9 mm in je zelo trpe\u017ena. Realonda Agora Rojo je plo\u0161\u010dica proizvajalca [&hellip;]<\/p>\n","protected":false},"featured_media":103591,"template":"","meta":[],"product_cat":[200,260,999,999114,240,270],"product_tag":[],"_links":{"self":[{"href":"https:\/\/www.keramika.com\/slovenija\/wp-json\/wp\/v2\/product\/103590"}],"collection":[{"href":"https:\/\/www.keramika.com\/slovenija\/wp-json\/wp\/v2\/product"}],"about":[{"href":"https:\/\/www.keramika.com\/slovenija\/wp-json\/wp\/v2\/types\/product"}],"wp:featuredmedia":[{"embeddable":true,"href":"https:\/\/www.keramika.com\/slovenija\/wp-json\/wp\/v2\/media\/103591"}],"wp:attachment":[{"href":"https:\/\/www.keramika.com\/slovenija\/wp-json\/wp\/v2\/media?parent=103590"}],"wp:term":[{"taxonomy":"product_cat","embeddable":true,"href":"https:\/\/www.keramika.com\/slovenija\/wp-json\/wp\/v2\/product_cat?post=103590"},{"taxonomy":"product_tag","embeddable":true,"href":"https:\/\/www.keramika.com\/slovenija\/wp-json\/wp\/v2\/product_tag?post=103590"}],"curies":[{"name":"wp","href":"https:\/\/api.w.org\/{rel}","templated":true}]}}