{"id":103580,"date":"2017-03-22T23:42:58","date_gmt":"2017-03-22T23:42:58","guid":{"rendered":"http:\/\/keramika.holest.com\/slovenija\/product\/klinker-ploscice-24x24-bez\/"},"modified":"2026-01-03T00:00:45","modified_gmt":"2026-01-03T00:00:45","slug":"klinker-ploscice-24x24-bez","status":"publish","type":"product","link":"https:\/\/www.keramika.com\/slovenija\/klinker-ploscice-24x24-bez\/","title":{"rendered":"Klinker plo\u0161\u010dice 24&#215;24 be\u017e"},"content":{"rendered":"<p>Keramika v be\u017e barvi popestri vsak prostor. Plo\u0161\u010dica je debela kar 15 mm, kar jo uvr\u0161\u010da med bolj trde plo\u0161\u010dice. Dimenzije te plo\u0161\u010dice so 24&#215;24 cm. Namesto 22,49 EUR kot bi za to plo\u0161\u010dico od\u0161teli v klasi\u010dni trgovini, boste v na\u0161i spletni prodajalni od\u0161teli le 17,99 EUR. To plo\u0161\u010dico je izdelal proizvajalec Grestejo, ki prihaja iz Portugalske.<\/p>\n<p>REF: 10202 Pavimento Rubi 40&#215;40 <br \/>REF: 1102 Pavimento Rubi 30&#215;30 <br \/>REF: 10402 Pavimento Rubi 24X24 <br \/>REF: 14102 Pavimento Rubi 20&#215;20 <br \/>REF: 12702 Pavimento Rubi 15&#215;24 <br \/>REF: 10302 Pavimento Rubi 15&#215;30 <br \/>REF: 11202 Pavimento Rubi 15&#215;15 br \/><br \/><a class=\"pdfcatal\" href=\"\/\/www.ceramictiles.com\/pdf\/e-ceramica\/clinker_catalogue.pdf\"> Klinker katalog  <\/a\n\n\n<\/p>\n","protected":false},"excerpt":{"rendered":"<p>Keramika v be\u017e barvi popestri vsak prostor. Plo\u0161\u010dica je debela kar 15 mm, kar jo uvr\u0161\u010da med bolj trde plo\u0161\u010dice. Dimenzije te plo\u0161\u010dice so 24&#215;24 cm. Namesto 22,49 EUR kot bi za to plo\u0161\u010dico od\u0161teli v klasi\u010dni trgovini, boste v na\u0161i spletni prodajalni od\u0161teli le 17,99 EUR. To plo\u0161\u010dico je izdelal proizvajalec Grestejo, ki prihaja [&hellip;]<\/p>\n","protected":false},"featured_media":103581,"template":"","meta":[],"product_cat":[99921411,150,100,120,999,110],"product_tag":[],"_links":{"self":[{"href":"https:\/\/www.keramika.com\/slovenija\/wp-json\/wp\/v2\/product\/103580"}],"collection":[{"href":"https:\/\/www.keramika.com\/slovenija\/wp-json\/wp\/v2\/product"}],"about":[{"href":"https:\/\/www.keramika.com\/slovenija\/wp-json\/wp\/v2\/types\/product"}],"wp:featuredmedia":[{"embeddable":true,"href":"https:\/\/www.keramika.com\/slovenija\/wp-json\/wp\/v2\/media\/103581"}],"wp:attachment":[{"href":"https:\/\/www.keramika.com\/slovenija\/wp-json\/wp\/v2\/media?parent=103580"}],"wp:term":[{"taxonomy":"product_cat","embeddable":true,"href":"https:\/\/www.keramika.com\/slovenija\/wp-json\/wp\/v2\/product_cat?post=103580"},{"taxonomy":"product_tag","embeddable":true,"href":"https:\/\/www.keramika.com\/slovenija\/wp-json\/wp\/v2\/product_tag?post=103580"}],"curies":[{"name":"wp","href":"https:\/\/api.w.org\/{rel}","templated":true}]}}