{"id":103428,"date":"2017-03-22T23:38:46","date_gmt":"2017-03-22T23:38:46","guid":{"rendered":"http:\/\/keramika.holest.com\/slovenija\/product\/undefasa-manhattan-blanco\/"},"modified":"2026-01-03T00:00:27","modified_gmt":"2026-01-03T00:00:27","slug":"undefasa-manhattan-blanco","status":"publish","type":"product","link":"https:\/\/www.keramika.com\/slovenija\/undefasa-manhattan-blanco\/","title":{"rendered":"Undefasa manhattan blanco"},"content":{"rendered":"<p>Ta plo\u0161\u010dica je debela 10 mm in je zelo trpe\u017ena. Zelo moderna plo\u0161\u010dica v beli barvi popestri prav vsak prostor. \u0160irina in dol\u017eina te plo\u0161\u010dice sta 60&#215;60 cm. Undefasa manhattan blanco prihaja iz \u0160panije, ki je znana po zelo kvalitetni keramiki v svetovnem merilu. Undefasa manhattan blanco je na voljo po zelo ugodni ceni 23,96 EUR.<\/p>\n<p>Kliknite na ime kolekcije za ogled vseh plo\u0161\u010dic iz te serije: <a class=\"pdfcatal\" href=\"\/\/www.ceramictiles.com\/pdf\/undefasa\/catalogue_undefasa_manhattan.pdf\" onclick=\"recordOutboundLink(this, 'E-mail', 'Description PDF');return false;\">Undefasa Ceramica Manhattan<\/a><\/p>\n<p>\u010ce \u017eelite naro\u010diti model iz pdf kataloga te kolekcije, nam pi\u0161ite na: <a href=\"mailto:keramoteka.salon@gmail.com\" onclick=\"recordOutboundLink(this, 'E-mail', 'Description mail');return false;\">keramoteka.salon@gmail.com<\/a> ali pa nas pokli\u010dite na: 031 255 900.<\/p>\n","protected":false},"excerpt":{"rendered":"<p>Ta plo\u0161\u010dica je debela 10 mm in je zelo trpe\u017ena. Zelo moderna plo\u0161\u010dica v beli barvi popestri prav vsak prostor. \u0160irina in dol\u017eina te plo\u0161\u010dice sta 60&#215;60 cm. Undefasa manhattan blanco prihaja iz \u0160panije, ki je znana po zelo kvalitetni keramiki v svetovnem merilu. Undefasa manhattan blanco je na voljo po zelo ugodni ceni 23,96 [&hellip;]<\/p>\n","protected":false},"featured_media":103429,"template":"","meta":[],"product_cat":[200,999,290,240,9991688],"product_tag":[],"_links":{"self":[{"href":"https:\/\/www.keramika.com\/slovenija\/wp-json\/wp\/v2\/product\/103428"}],"collection":[{"href":"https:\/\/www.keramika.com\/slovenija\/wp-json\/wp\/v2\/product"}],"about":[{"href":"https:\/\/www.keramika.com\/slovenija\/wp-json\/wp\/v2\/types\/product"}],"wp:featuredmedia":[{"embeddable":true,"href":"https:\/\/www.keramika.com\/slovenija\/wp-json\/wp\/v2\/media\/103429"}],"wp:attachment":[{"href":"https:\/\/www.keramika.com\/slovenija\/wp-json\/wp\/v2\/media?parent=103428"}],"wp:term":[{"taxonomy":"product_cat","embeddable":true,"href":"https:\/\/www.keramika.com\/slovenija\/wp-json\/wp\/v2\/product_cat?post=103428"},{"taxonomy":"product_tag","embeddable":true,"href":"https:\/\/www.keramika.com\/slovenija\/wp-json\/wp\/v2\/product_tag?post=103428"}],"curies":[{"name":"wp","href":"https:\/\/api.w.org\/{rel}","templated":true}]}}