{"id":103258,"date":"2017-03-22T23:31:36","date_gmt":"2017-03-22T23:31:36","guid":{"rendered":"http:\/\/keramika.holest.com\/slovenija\/product\/vives-via-appia-medix-blanco\/"},"modified":"2026-01-02T00:03:33","modified_gmt":"2026-01-02T00:03:33","slug":"vives-via-appia-medix-blanco","status":"publish","type":"product","link":"https:\/\/www.keramika.com\/slovenija\/vives-via-appia-medix-blanco\/","title":{"rendered":"Vives Via Appia Medix Blanco"},"content":{"rendered":"<p>Keramika v be\u017e barvi popestri vsak prostor. V redni prodaji bi morali za to plo\u0161\u010dico od\u0161teti 200 EUR, spletna cena pa zna\u0161a le 160 EUR. Plo\u0161\u010dica je debela kar 10 mm, kar jo uvr\u0161\u010da med bolj trde plo\u0161\u010dice. Plo\u0161\u010dica na sliki je velika 45&#215;45 cm. Ta plo\u0161\u010dica prihaja iz \u0160panije, ki je znana po kvalitetni keramiki.<\/p>\n<p>Kliknite na ime kolekcije za ogled vseh plo\u0161\u010dic iz te serije: <a class=\"pdfcatal\" href=\"\/\/www.ceramictiles.com\/pdf\/vives\/catalogue_vives_via_appia.pdf\" onclick=\"recordOutboundLink(this, 'E-mail', 'Description PDF');return false;\">Ceramica Vives Via Appia<\/a><\/p>\n<p>\u010ce \u017eelite naro\u010diti model iz pdf kataloga te kolekcije, nam pi\u0161ite na: <a href=\"mailto:keramoteka.salon@gmail.com\" onclick=\"recordOutboundLink(this, 'E-mail', 'Description mail');return false;\">keramoteka.salon@gmail.com<\/a> ali pa nas pokli\u010dite na: 031 255 900.<\/p>\n","protected":false},"excerpt":{"rendered":"<p>Keramika v be\u017e barvi popestri vsak prostor. V redni prodaji bi morali za to plo\u0161\u010dico od\u0161teti 200 EUR, spletna cena pa zna\u0161a le 160 EUR. Plo\u0161\u010dica je debela kar 10 mm, kar jo uvr\u0161\u010da med bolj trde plo\u0161\u010dice. Plo\u0161\u010dica na sliki je velika 45&#215;45 cm. Ta plo\u0161\u010dica prihaja iz \u0160panije, ki je znana po kvalitetni [&hellip;]<\/p>\n","protected":false},"featured_media":103259,"template":"","meta":[],"product_cat":[200,999,290,240,999136],"product_tag":[],"_links":{"self":[{"href":"https:\/\/www.keramika.com\/slovenija\/wp-json\/wp\/v2\/product\/103258"}],"collection":[{"href":"https:\/\/www.keramika.com\/slovenija\/wp-json\/wp\/v2\/product"}],"about":[{"href":"https:\/\/www.keramika.com\/slovenija\/wp-json\/wp\/v2\/types\/product"}],"wp:featuredmedia":[{"embeddable":true,"href":"https:\/\/www.keramika.com\/slovenija\/wp-json\/wp\/v2\/media\/103259"}],"wp:attachment":[{"href":"https:\/\/www.keramika.com\/slovenija\/wp-json\/wp\/v2\/media?parent=103258"}],"wp:term":[{"taxonomy":"product_cat","embeddable":true,"href":"https:\/\/www.keramika.com\/slovenija\/wp-json\/wp\/v2\/product_cat?post=103258"},{"taxonomy":"product_tag","embeddable":true,"href":"https:\/\/www.keramika.com\/slovenija\/wp-json\/wp\/v2\/product_tag?post=103258"}],"curies":[{"name":"wp","href":"https:\/\/api.w.org\/{rel}","templated":true}]}}