{"id":103222,"date":"2017-03-22T23:30:35","date_gmt":"2017-03-22T23:30:35","guid":{"rendered":"http:\/\/keramika.holest.com\/slovenija\/product\/vives-santorini-rojizo\/"},"modified":"2026-01-02T00:03:28","modified_gmt":"2026-01-02T00:03:28","slug":"vives-santorini-rojizo","status":"publish","type":"product","link":"https:\/\/www.keramika.com\/slovenija\/vives-santorini-rojizo\/","title":{"rendered":"Vives Santorini Rojizo"},"content":{"rendered":"<p>Velikost te plo\u0161\u010dice je 31,6&#215;31,6 cm. Vives Santorini Rojizo je pripeljana iz \u0160panije in je zelo kvalitetna. Pri izbiri plo\u0161\u010dice v rjavi barvi ne morete zgre\u0161iti. 31,88 EUR v klasi\u010dni trgovini, pri nas pa le 25,5 EUR. 9 mm debeline je dovolj tudi za zahtevnej\u0161e kupce.<\/p>\n<p>Kliknite na ime kolekcije za ogled vseh plo\u0161\u010dic iz te serije: <a class=\"pdfcatal\" href=\"\/\/www.ceramictiles.com\/pdf\/vives\/catalogue_vives_santorini.pdf\" onclick=\"recordOutboundLink(this, 'E-mail', 'Description PDF');return false;\">Ceramica Vives Santorini<\/a><\/p>\n<p>\u010ce \u017eelite naro\u010diti model iz pdf kataloga te kolekcije, nam pi\u0161ite na: <a href=\"mailto:keramoteka.salon@gmail.com\" onclick=\"recordOutboundLink(this, 'E-mail', 'Description mail');return false;\">keramoteka.salon@gmail.com<\/a> ali pa nas pokli\u010dite na: 031 255 900.<\/p>\n","protected":false},"excerpt":{"rendered":"<p>Velikost te plo\u0161\u010dice je 31,6&#215;31,6 cm. Vives Santorini Rojizo je pripeljana iz \u0160panije in je zelo kvalitetna. Pri izbiri plo\u0161\u010dice v rjavi barvi ne morete zgre\u0161iti. 31,88 EUR v klasi\u010dni trgovini, pri nas pa le 25,5 EUR. 9 mm debeline je dovolj tudi za zahtevnej\u0161e kupce. Kliknite na ime kolekcije za ogled vseh plo\u0161\u010dic iz [&hellip;]<\/p>\n","protected":false},"featured_media":103223,"template":"","meta":[],"product_cat":[200,230,999,240,999136],"product_tag":[],"_links":{"self":[{"href":"https:\/\/www.keramika.com\/slovenija\/wp-json\/wp\/v2\/product\/103222"}],"collection":[{"href":"https:\/\/www.keramika.com\/slovenija\/wp-json\/wp\/v2\/product"}],"about":[{"href":"https:\/\/www.keramika.com\/slovenija\/wp-json\/wp\/v2\/types\/product"}],"wp:featuredmedia":[{"embeddable":true,"href":"https:\/\/www.keramika.com\/slovenija\/wp-json\/wp\/v2\/media\/103223"}],"wp:attachment":[{"href":"https:\/\/www.keramika.com\/slovenija\/wp-json\/wp\/v2\/media?parent=103222"}],"wp:term":[{"taxonomy":"product_cat","embeddable":true,"href":"https:\/\/www.keramika.com\/slovenija\/wp-json\/wp\/v2\/product_cat?post=103222"},{"taxonomy":"product_tag","embeddable":true,"href":"https:\/\/www.keramika.com\/slovenija\/wp-json\/wp\/v2\/product_tag?post=103222"}],"curies":[{"name":"wp","href":"https:\/\/api.w.org\/{rel}","templated":true}]}}