{"id":103060,"date":"2017-03-22T23:26:11","date_gmt":"2017-03-22T23:26:11","guid":{"rendered":"http:\/\/keramika.holest.com\/slovenija\/product\/vives-bruselas-oliva\/"},"modified":"2026-01-02T00:03:04","modified_gmt":"2026-01-02T00:03:04","slug":"vives-bruselas-oliva","status":"publish","type":"product","link":"https:\/\/www.keramika.com\/slovenija\/vives-bruselas-oliva\/","title":{"rendered":"Vives Bruselas Oliva"},"content":{"rendered":"<p>Ta plo\u0161\u010dica je na voljo v \u010dudoviti zeleni barvi, \u010de \u017eelite kak\u0161no drugo barvo pa nas kontaktirajte in preverili bomo pri proizvajalcu. Vives Bruselas Oliva je plo\u0161\u010dica proizvajalca Ceramica Vives in prihaja iz \u0160panije. Velikost te plo\u0161\u010dice je 41&#215;41 cm in je primerna za razli\u010dne povr\u0161ine. Namesto 33,44 EUR kot bi za to plo\u0161\u010dico od\u0161teli v klasi\u010dni trgovini, boste v na\u0161i spletni prodajalni od\u0161teli le 26,75 EUR. Debelina kar 10 mm dela to plo\u0161\u010dico zelo trpe\u017eno in presti\u017eno na otip.<\/p>\n<p>Kliknite na ime kolekcije za ogled vseh plo\u0161\u010dic iz te serije: <a class=\"pdfcatal\" href=\"\/\/www.ceramictiles.com\/pdf\/vives\/catalogue_vives_bruselas.pdf\" onclick=\"recordOutboundLink(this, 'E-mail', 'Description PDF');return false;\">Ceramica Vives Bruselas<\/a><\/p>\n<p>\u010ce \u017eelite naro\u010diti model iz pdf kataloga te kolekcije, nam pi\u0161ite na: <a href=\"mailto:keramoteka.salon@gmail.com\" onclick=\"recordOutboundLink(this, 'E-mail', 'Description mail');return false;\">keramoteka.salon@gmail.com<\/a> ali pa nas pokli\u010dite na: 031 255 900.<\/p>\n","protected":false},"excerpt":{"rendered":"<p>Ta plo\u0161\u010dica je na voljo v \u010dudoviti zeleni barvi, \u010de \u017eelite kak\u0161no drugo barvo pa nas kontaktirajte in preverili bomo pri proizvajalcu. Vives Bruselas Oliva je plo\u0161\u010dica proizvajalca Ceramica Vives in prihaja iz \u0160panije. Velikost te plo\u0161\u010dice je 41&#215;41 cm in je primerna za razli\u010dne povr\u0161ine. Namesto 33,44 EUR kot bi za to plo\u0161\u010dico od\u0161teli [&hellip;]<\/p>\n","protected":false},"featured_media":103061,"template":"","meta":[],"product_cat":[200,230,999,240,999136],"product_tag":[],"_links":{"self":[{"href":"https:\/\/www.keramika.com\/slovenija\/wp-json\/wp\/v2\/product\/103060"}],"collection":[{"href":"https:\/\/www.keramika.com\/slovenija\/wp-json\/wp\/v2\/product"}],"about":[{"href":"https:\/\/www.keramika.com\/slovenija\/wp-json\/wp\/v2\/types\/product"}],"wp:featuredmedia":[{"embeddable":true,"href":"https:\/\/www.keramika.com\/slovenija\/wp-json\/wp\/v2\/media\/103061"}],"wp:attachment":[{"href":"https:\/\/www.keramika.com\/slovenija\/wp-json\/wp\/v2\/media?parent=103060"}],"wp:term":[{"taxonomy":"product_cat","embeddable":true,"href":"https:\/\/www.keramika.com\/slovenija\/wp-json\/wp\/v2\/product_cat?post=103060"},{"taxonomy":"product_tag","embeddable":true,"href":"https:\/\/www.keramika.com\/slovenija\/wp-json\/wp\/v2\/product_tag?post=103060"}],"curies":[{"name":"wp","href":"https:\/\/api.w.org\/{rel}","templated":true}]}}