{"id":103018,"date":"2017-03-22T23:25:07","date_gmt":"2017-03-22T23:25:07","guid":{"rendered":"http:\/\/keramika.holest.com\/slovenija\/product\/vives-anciles-basalto\/"},"modified":"2026-01-02T00:02:56","modified_gmt":"2026-01-02T00:02:56","slug":"vives-anciles-basalto","status":"publish","type":"product","link":"https:\/\/www.keramika.com\/slovenija\/vives-anciles-basalto\/","title":{"rendered":"Vives Anciles Basalto"},"content":{"rendered":"<p>Redna cena te plo\u0161\u010dice v maloprodaji zna\u0161a 71,25 EUR, v na\u0161i spletni trgovini pa jo lahko dobite \u017ee za 57 EUR. \u0160irina in dol\u017eina te plo\u0161\u010dice sta 30&#215;60 cm. Zelo moderna plo\u0161\u010dica v \u010drni barvi popestri prav vsak prostor. Debelina kar 10 mm dela to plo\u0161\u010dico zelo trpe\u017eno in presti\u017eno na otip. Vives Anciles Basalto prihaja iz \u0160panije, ki je znana po zelo kvalitetni keramiki v svetovnem merilu.<\/p>\n<p>Kliknite na ime kolekcije za ogled vseh plo\u0161\u010dic iz te serije: <a class=\"pdfcatal\" href=\"\/\/www.ceramictiles.com\/pdf\/vives\/catalogue_vives_anciles.pdf\" onclick=\"recordOutboundLink(this, 'E-mail', 'Description PDF');return false;\">Ceramica Vives Anciles<\/a><\/p>\n<p>\u010ce \u017eelite naro\u010diti model iz pdf kataloga te kolekcije, nam pi\u0161ite na: <a href=\"mailto:keramoteka.salon@gmail.com\" onclick=\"recordOutboundLink(this, 'E-mail', 'Description mail');return false;\">keramoteka.salon@gmail.com<\/a> ali pa nas pokli\u010dite na: 031 255 900.<\/p>\n","protected":false},"excerpt":{"rendered":"<p>Redna cena te plo\u0161\u010dice v maloprodaji zna\u0161a 71,25 EUR, v na\u0161i spletni trgovini pa jo lahko dobite \u017ee za 57 EUR. \u0160irina in dol\u017eina te plo\u0161\u010dice sta 30&#215;60 cm. Zelo moderna plo\u0161\u010dica v \u010drni barvi popestri prav vsak prostor. Debelina kar 10 mm dela to plo\u0161\u010dico zelo trpe\u017eno in presti\u017eno na otip. Vives Anciles Basalto [&hellip;]<\/p>\n","protected":false},"featured_media":103019,"template":"","meta":[],"product_cat":[200,999,290,250,240,999136],"product_tag":[],"_links":{"self":[{"href":"https:\/\/www.keramika.com\/slovenija\/wp-json\/wp\/v2\/product\/103018"}],"collection":[{"href":"https:\/\/www.keramika.com\/slovenija\/wp-json\/wp\/v2\/product"}],"about":[{"href":"https:\/\/www.keramika.com\/slovenija\/wp-json\/wp\/v2\/types\/product"}],"wp:featuredmedia":[{"embeddable":true,"href":"https:\/\/www.keramika.com\/slovenija\/wp-json\/wp\/v2\/media\/103019"}],"wp:attachment":[{"href":"https:\/\/www.keramika.com\/slovenija\/wp-json\/wp\/v2\/media?parent=103018"}],"wp:term":[{"taxonomy":"product_cat","embeddable":true,"href":"https:\/\/www.keramika.com\/slovenija\/wp-json\/wp\/v2\/product_cat?post=103018"},{"taxonomy":"product_tag","embeddable":true,"href":"https:\/\/www.keramika.com\/slovenija\/wp-json\/wp\/v2\/product_tag?post=103018"}],"curies":[{"name":"wp","href":"https:\/\/api.w.org\/{rel}","templated":true}]}}