{"id":102918,"date":"2017-03-22T23:22:42","date_gmt":"2017-03-22T23:22:42","guid":{"rendered":"http:\/\/keramika.holest.com\/slovenija\/product\/projektne-ploscice-cinca-granitdur-rosa\/"},"modified":"2026-01-02T00:02:43","modified_gmt":"2026-01-02T00:02:43","slug":"projektne-ploscice-cinca-granitdur-rosa","status":"publish","type":"product","link":"https:\/\/www.keramika.com\/slovenija\/projektne-ploscice-cinca-granitdur-rosa\/","title":{"rendered":"Projektne plo\u0161\u0107ice Cinca Granitdur Rosa"},"content":{"rendered":"<p>Debelina kar 8 mm dela to plo\u0161\u010dico zelo trpe\u017eno in presti\u017eno na otip. Ta kerami\u010dna plo\u0161\u010dica v \u010dudoviti roza barvi bo obogatila vsak prostor. Ta plo\u0161\u010dica prihaja iz Portugalske, ki je znana po kvalitetni keramiki. Namesto 29 EUR kot bi za to plo\u0161\u010dico od\u0161teli v klasi\u010dni trgovini, boste v na\u0161i spletni prodajalni od\u0161teli le 23,2 EUR. Dimenzije te plo\u0161\u010dice so 33&#215;33 cm.<\/p>\n<p>Kliknite na ime kolekcije za ogled vseh plo\u0161\u010dic iz te serije: <a class=\"pdfcatal\" href=\"\/\/www.ceramictiles.com\/pdf\/cinca\/catalogue_cinca_granitdur.pdf\" onclick=\"recordOutboundLink(this, 'E-mail', 'Description PDF');return false;\">Cinca Granitdur<\/a><\/p>\n<p>\u010ce \u017eelite naro\u010diti model iz pdf kataloga te kolekcije, nam pi\u0161ite na: <a href=\"mailto:keramoteka.salon@gmail.com\" onclick=\"recordOutboundLink(this, 'E-mail', 'Description mail');return false;\">keramoteka.salon@gmail.com<\/a> ali pa nas pokli\u010dite na: 031 255 900.<\/p>\n<p>Technical description: <br \/> F 33&#215;33  <br \/>Granitdur Jasmim ; Granitdur Jasmim Granitado ; Granitdur Bege ; Granitdur Bege Granitado ; Granitdur Bege Areia ; Granitdur Bege Areia Granitado ; Granitdur Branco ; Granitdur Branco Granitado ; Granitdur Cinza M\u00e9dio ; Granitdur Cinza M\u00e9dio Granitado ; Granitdur Cinza Prata ; Granitdur Cinza Prata Granitado ; Granitdur Rosa ; Granitdur Rosa Granitado ; Granitdur Verde ; Granitdur Verde Granitado ;<\/p>\n","protected":false},"excerpt":{"rendered":"<p>Debelina kar 8 mm dela to plo\u0161\u010dico zelo trpe\u017eno in presti\u017eno na otip. Ta kerami\u010dna plo\u0161\u010dica v \u010dudoviti roza barvi bo obogatila vsak prostor. Ta plo\u0161\u010dica prihaja iz Portugalske, ki je znana po kvalitetni keramiki. Namesto 29 EUR kot bi za to plo\u0161\u010dico od\u0161teli v klasi\u010dni trgovini, boste v na\u0161i spletni prodajalni od\u0161teli le 23,2 [&hellip;]<\/p>\n","protected":false},"featured_media":102919,"template":"","meta":[],"product_cat":[999968,200,999,290,240,270],"product_tag":[],"_links":{"self":[{"href":"https:\/\/www.keramika.com\/slovenija\/wp-json\/wp\/v2\/product\/102918"}],"collection":[{"href":"https:\/\/www.keramika.com\/slovenija\/wp-json\/wp\/v2\/product"}],"about":[{"href":"https:\/\/www.keramika.com\/slovenija\/wp-json\/wp\/v2\/types\/product"}],"wp:featuredmedia":[{"embeddable":true,"href":"https:\/\/www.keramika.com\/slovenija\/wp-json\/wp\/v2\/media\/102919"}],"wp:attachment":[{"href":"https:\/\/www.keramika.com\/slovenija\/wp-json\/wp\/v2\/media?parent=102918"}],"wp:term":[{"taxonomy":"product_cat","embeddable":true,"href":"https:\/\/www.keramika.com\/slovenija\/wp-json\/wp\/v2\/product_cat?post=102918"},{"taxonomy":"product_tag","embeddable":true,"href":"https:\/\/www.keramika.com\/slovenija\/wp-json\/wp\/v2\/product_tag?post=102918"}],"curies":[{"name":"wp","href":"https:\/\/api.w.org\/{rel}","templated":true}]}}