{"id":102916,"date":"2017-03-22T23:22:39","date_gmt":"2017-03-22T23:22:39","guid":{"rendered":"http:\/\/keramika.holest.com\/slovenija\/product\/ploscice-za-kopalnico-cinca-genesis-anthracite\/"},"modified":"2026-01-02T00:02:42","modified_gmt":"2026-01-02T00:02:42","slug":"ploscice-za-kopalnico-cinca-genesis-anthracite","status":"publish","type":"product","link":"https:\/\/www.keramika.com\/slovenija\/ploscice-za-kopalnico-cinca-genesis-anthracite\/","title":{"rendered":"Plo\u0161\u010dice za kopalnico Cinca Genesis Anthracite"},"content":{"rendered":"<p>Dimenzije te plo\u0161\u010dice so 32&#215;32 cm. Na spletu boste za to plo\u0161\u010dico od\u0161teli le 40,3 EUR, medtem ko v redni prodaji cena zna\u0161a 50,38 EUR. Zelo moderna plo\u0161\u010dica v \u010drni barvi popestri prav vsak prostor. Ta plo\u0161\u010dica je debela 8 mm in je zelo trpe\u017ena. Cinca Genesis Anthracite prihaja iz Portugalske, ki je znana po zelo kvalitetni keramiki v svetovnem merilu.<\/p>\n<p>Kliknite na ime kolekcije za ogled vseh plo\u0161\u010dic iz te serije: <a class=\"pdfcatal\" href=\"\/\/www.ceramictiles.com\/pdf\/cinca\/catalogue_cinca_genesis.pdf\" onclick=\"recordOutboundLink(this, 'E-mail', 'Description PDF');return false;\">Cinca Genesis<\/a><\/p>\n<p>\u010ce \u017eelite naro\u010diti model iz pdf kataloga te kolekcije, nam pi\u0161ite na: <a href=\"mailto:keramoteka.salon@gmail.com\" onclick=\"recordOutboundLink(this, 'E-mail', 'Description mail');return false;\">keramoteka.salon@gmail.com<\/a> ali pa nas pokli\u010dite na: 031 255 900.<\/p>\n<p>Technical description: <br \/> W &#038; F 32&#215;55 ; 32&#215;32 <br \/>Genesis Cinza ; Genesis Antracite ; Genesis Bege ; Genesis Bronze ;<\/p>\n","protected":false},"excerpt":{"rendered":"<p>Dimenzije te plo\u0161\u010dice so 32&#215;32 cm. Na spletu boste za to plo\u0161\u010dico od\u0161teli le 40,3 EUR, medtem ko v redni prodaji cena zna\u0161a 50,38 EUR. Zelo moderna plo\u0161\u010dica v \u010drni barvi popestri prav vsak prostor. Ta plo\u0161\u010dica je debela 8 mm in je zelo trpe\u017ena. Cinca Genesis Anthracite prihaja iz Portugalske, ki je znana po [&hellip;]<\/p>\n","protected":false},"featured_media":102917,"template":"","meta":[],"product_cat":[999968,200,230,999,240],"product_tag":[],"_links":{"self":[{"href":"https:\/\/www.keramika.com\/slovenija\/wp-json\/wp\/v2\/product\/102916"}],"collection":[{"href":"https:\/\/www.keramika.com\/slovenija\/wp-json\/wp\/v2\/product"}],"about":[{"href":"https:\/\/www.keramika.com\/slovenija\/wp-json\/wp\/v2\/types\/product"}],"wp:featuredmedia":[{"embeddable":true,"href":"https:\/\/www.keramika.com\/slovenija\/wp-json\/wp\/v2\/media\/102917"}],"wp:attachment":[{"href":"https:\/\/www.keramika.com\/slovenija\/wp-json\/wp\/v2\/media?parent=102916"}],"wp:term":[{"taxonomy":"product_cat","embeddable":true,"href":"https:\/\/www.keramika.com\/slovenija\/wp-json\/wp\/v2\/product_cat?post=102916"},{"taxonomy":"product_tag","embeddable":true,"href":"https:\/\/www.keramika.com\/slovenija\/wp-json\/wp\/v2\/product_tag?post=102916"}],"curies":[{"name":"wp","href":"https:\/\/api.w.org\/{rel}","templated":true}]}}