{"id":102884,"date":"2017-03-22T23:21:54","date_gmt":"2017-03-22T23:21:54","guid":{"rendered":"http:\/\/keramika.holest.com\/slovenija\/product\/kuhinjske-ploscice-cinca-cotto-d-albe-extruded-tiles-red\/"},"modified":"2026-01-02T00:02:38","modified_gmt":"2026-01-02T00:02:38","slug":"kuhinjske-ploscice-cinca-cotto-d-albe-extruded-tiles-red","status":"publish","type":"product","link":"https:\/\/www.keramika.com\/slovenija\/kuhinjske-ploscice-cinca-cotto-d-albe-extruded-tiles-red\/","title":{"rendered":"Kuhinjske plo\u0161\u010dice Cinca Cotto d&#8217; Albe &#8211;  Extruded Tiles Red"},"content":{"rendered":"<p>Prihaja iz Portugalske, ki po svetu slovi kot ena bolj\u0161ih proizvajalk kerami\u010dnih plo\u0161\u010dic. 11 mm je debelina, ki zadovolji tudi zahtevnej\u0161e kupce. Letos so plo\u0161\u010dice v rde\u010di barvi zelo za\u017eeljene. Namesto 35,19 EUR kot bi za to plo\u0161\u010dico od\u0161teli v klasi\u010dni trgovini, boste v na\u0161i spletni prodajalni od\u0161teli le 28,15 EUR. Z velikostjo 12&#215;24 cm je ta plo\u0161\u010dica primerna ze razli\u010dne povr\u0161ine.<\/p>\n<p>Kliknite na ime kolekcije za ogled vseh plo\u0161\u010dic iz te serije: <a class=\"pdfcatal\" href=\"\/\/www.ceramictiles.com\/pdf\/cinca\/catalogue_cinca_cotto_d'_albe.pdf\" onclick=\"recordOutboundLink(this, 'E-mail', 'Description PDF');return false;\">Cinca Cotto d&#8217; Albe &#8211; Extruded Tiles<\/a><\/p>\n<p>\u010ce \u017eelite naro\u010diti model iz pdf kataloga te kolekcije, nam pi\u0161ite na: <a href=\"mailto:keramoteka.salon@gmail.com\" onclick=\"recordOutboundLink(this, 'E-mail', 'Description mail');return false;\">keramoteka.salon@gmail.com<\/a> ali pa nas pokli\u010dite na: 031 255 900.<\/p>\n<p>Technical description: <br \/>  F 32&#215;32 ; 24&#215;24 ; 12&#215;24 ; 12&#215;12 <br \/>Cotto D&#8217;Albe Laranja ; Cotto D&#8217;Albe Vermelho ; Cotto D&#8217;Albe Branco ; Cotto D&#8217;Albe Areia ;<\/p>\n","protected":false},"excerpt":{"rendered":"<p>Prihaja iz Portugalske, ki po svetu slovi kot ena bolj\u0161ih proizvajalk kerami\u010dnih plo\u0161\u010dic. 11 mm je debelina, ki zadovolji tudi zahtevnej\u0161e kupce. Letos so plo\u0161\u010dice v rde\u010di barvi zelo za\u017eeljene. Namesto 35,19 EUR kot bi za to plo\u0161\u010dico od\u0161teli v klasi\u010dni trgovini, boste v na\u0161i spletni prodajalni od\u0161teli le 28,15 EUR. Z velikostjo 12&#215;24 cm [&hellip;]<\/p>\n","protected":false},"featured_media":102885,"template":"","meta":[],"product_cat":[999968,200,100,120,999,290,110],"product_tag":[],"_links":{"self":[{"href":"https:\/\/www.keramika.com\/slovenija\/wp-json\/wp\/v2\/product\/102884"}],"collection":[{"href":"https:\/\/www.keramika.com\/slovenija\/wp-json\/wp\/v2\/product"}],"about":[{"href":"https:\/\/www.keramika.com\/slovenija\/wp-json\/wp\/v2\/types\/product"}],"wp:featuredmedia":[{"embeddable":true,"href":"https:\/\/www.keramika.com\/slovenija\/wp-json\/wp\/v2\/media\/102885"}],"wp:attachment":[{"href":"https:\/\/www.keramika.com\/slovenija\/wp-json\/wp\/v2\/media?parent=102884"}],"wp:term":[{"taxonomy":"product_cat","embeddable":true,"href":"https:\/\/www.keramika.com\/slovenija\/wp-json\/wp\/v2\/product_cat?post=102884"},{"taxonomy":"product_tag","embeddable":true,"href":"https:\/\/www.keramika.com\/slovenija\/wp-json\/wp\/v2\/product_tag?post=102884"}],"curies":[{"name":"wp","href":"https:\/\/api.w.org\/{rel}","templated":true}]}}