{"id":102870,"date":"2018-01-09T23:21:31","date_gmt":"2018-01-09T23:21:31","guid":{"rendered":"http:\/\/keramika.holest.com\/slovenija\/product\/ploscice-za-dnevno-sobo-cinca-boreal-white\/"},"modified":"2026-01-02T00:02:35","modified_gmt":"2026-01-02T00:02:35","slug":"cinca-hexagon-factory","status":"publish","type":"product","link":"https:\/\/www.keramika.com\/slovenija\/cinca-hexagon-factory\/","title":{"rendered":"Cinca hexagon Factory"},"content":{"rendered":"<p>Cinca hexagon Factory je pripeljana iz Portugalske in je zelo kvalitetna. 9 mm je debelina, ki zadovolji tudi zahtevnej\u0161e kupce. Z velikostjo 24&#215;49 cm je ta plo\u0161\u010dica primerna ze razli\u010dne povr\u0161ine. Zelo moderna plo\u0161\u010dica v beli barvi popestri prav vsak prostor. V redni prodaji bi morali za to plo\u0161\u010dico od\u0161teti 63,78 EUR, spletna cena pa zna\u0161a le 42,45 EUR.<\/p>\n<p>Kliknite na ime kolekcije za ogled vseh plo\u0161\u010dic iz te serije: <a class=\"pdfcatal\" href=\"\/\/www.ceramictiles.com\/pdf\/catalogue_cinca_hexagons.pdf\" onclick=\"recordOutboundLink(this, 'E-mail', 'Description PDF');return false;\">Cinca hexagon Factory<\/a><\/p>\n<p>\u010ce \u017eelite naro\u010diti model iz pdf kataloga te kolekcije, nam pi\u0161ite na: <a href=\"mailto:keramoteka.salon@gmail.com\" onclick=\"recordOutboundLink(this, 'E-mail', 'Description mail');return false;\">keramoteka.salon@gmail.com<\/a> ali pa nas pokli\u010dite na: 031 255 900.<br \/>\nPakiranje: 1,13 m2 \/ box; 21,15 kg-te\u017ea \/ \u0161katla<br \/>\nVelikost: 24&#215;49 cm; 49&#215;99 cm<br \/>\nStone Cut : 8660 Branco White; 8663 Antracite Anthracite; 8662 Bege Beige; 8661 Cinza Grey<br \/>\nFactory\t: 8820 Branco White; 8823 Antracite Anthracite; 8821 Taupe Taupe; 8822 Bet\u00e3o Concrete<br \/>\nImagine Vintage\t: 8770 White ; 8773 Sepia; 8771 Grafite; 8772 Forest; Luxury Stone;8871 Branco Statuario Statuario White<br \/>\nBlack&#038;White : 5500 Branco White; 5509 Preto Black<\/p>\n","protected":false},"excerpt":{"rendered":"<p>\u0160esterokotne porcelanske talne in stenske plo\u0161\u010dice<\/p>\n","protected":false},"featured_media":111478,"template":"","meta":[],"product_cat":[999968,200,260,999,290,250,240,270],"product_tag":[99921974,99921970,99921975,99921976,99921978],"_links":{"self":[{"href":"https:\/\/www.keramika.com\/slovenija\/wp-json\/wp\/v2\/product\/102870"}],"collection":[{"href":"https:\/\/www.keramika.com\/slovenija\/wp-json\/wp\/v2\/product"}],"about":[{"href":"https:\/\/www.keramika.com\/slovenija\/wp-json\/wp\/v2\/types\/product"}],"wp:featuredmedia":[{"embeddable":true,"href":"https:\/\/www.keramika.com\/slovenija\/wp-json\/wp\/v2\/media\/111478"}],"wp:attachment":[{"href":"https:\/\/www.keramika.com\/slovenija\/wp-json\/wp\/v2\/media?parent=102870"}],"wp:term":[{"taxonomy":"product_cat","embeddable":true,"href":"https:\/\/www.keramika.com\/slovenija\/wp-json\/wp\/v2\/product_cat?post=102870"},{"taxonomy":"product_tag","embeddable":true,"href":"https:\/\/www.keramika.com\/slovenija\/wp-json\/wp\/v2\/product_tag?post=102870"}],"curies":[{"name":"wp","href":"https:\/\/api.w.org\/{rel}","templated":true}]}}