{"id":102866,"date":"2017-03-22T23:21:26","date_gmt":"2017-03-22T23:21:26","guid":{"rendered":"http:\/\/keramika.holest.com\/slovenija\/product\/3d-ploscice-cinca-boiserie-bordeaux\/"},"modified":"2026-01-02T00:02:34","modified_gmt":"2026-01-02T00:02:34","slug":"3d-ploscice-cinca-boiserie-bordeaux","status":"publish","type":"product","link":"https:\/\/www.keramika.com\/slovenija\/3d-ploscice-cinca-boiserie-bordeaux\/","title":{"rendered":"3D plo\u0161\u010dice Cinca Boiserie Bordeaux"},"content":{"rendered":"<p>To plo\u0161\u010dico je izdelal proizvajalec Cinca, ki prihaja iz Portugalske. Keramika v rde\u010di barvi popestri vsak prostor. Debelina plo\u0161\u010dice je zelo pomembna in 10 mm uvr\u0161\u010da to plo\u0161\u010dico med najkvalitetnej\u0161e. Namesto 71,81 EUR kot bi za to plo\u0161\u010dico od\u0161teli v klasi\u010dni trgovini, boste v na\u0161i spletni prodajalni od\u0161teli le 57,45 EUR. Z 32&#215;75 cm je ta plo\u0161\u010dica primerna za razli\u010dne podlage.<\/p>\n<p>Kliknite na ime kolekcije za ogled vseh plo\u0161\u010dic iz te serije: <a class=\"pdfcatal\" href=\"\/\/www.ceramictiles.com\/pdf\/cinca\/catalogue_cinca_boiserie.pdf\" onclick=\"recordOutboundLink(this, 'E-mail', 'Description PDF');return false;\">Cinca Boiserie<\/a><\/p>\n<p>\u010ce \u017eelite naro\u010diti model iz pdf kataloga te kolekcije, nam pi\u0161ite na: <a href=\"mailto:keramoteka.salon@gmail.com\" onclick=\"recordOutboundLink(this, 'E-mail', 'Description mail');return false;\">keramoteka.salon@gmail.com<\/a> ali pa nas pokli\u010dite na: 031 255 900.<\/p>\n<p>Technical description: <br \/>  W 32&#215;75 <br \/>Boiserie Branco Mate ; Boiserie P\u00e9rola Mate ; Boiserie Bege ; Boiserie Bordeaux ;<\/p>\n","protected":false},"excerpt":{"rendered":"<p>To plo\u0161\u010dico je izdelal proizvajalec Cinca, ki prihaja iz Portugalske. Keramika v rde\u010di barvi popestri vsak prostor. Debelina plo\u0161\u010dice je zelo pomembna in 10 mm uvr\u0161\u010da to plo\u0161\u010dico med najkvalitetnej\u0161e. Namesto 71,81 EUR kot bi za to plo\u0161\u010dico od\u0161teli v klasi\u010dni trgovini, boste v na\u0161i spletni prodajalni od\u0161teli le 57,45 EUR. Z 32&#215;75 cm je [&hellip;]<\/p>\n","protected":false},"featured_media":102867,"template":"","meta":[],"product_cat":[999968,200,220,999,250],"product_tag":[99921971],"_links":{"self":[{"href":"https:\/\/www.keramika.com\/slovenija\/wp-json\/wp\/v2\/product\/102866"}],"collection":[{"href":"https:\/\/www.keramika.com\/slovenija\/wp-json\/wp\/v2\/product"}],"about":[{"href":"https:\/\/www.keramika.com\/slovenija\/wp-json\/wp\/v2\/types\/product"}],"wp:featuredmedia":[{"embeddable":true,"href":"https:\/\/www.keramika.com\/slovenija\/wp-json\/wp\/v2\/media\/102867"}],"wp:attachment":[{"href":"https:\/\/www.keramika.com\/slovenija\/wp-json\/wp\/v2\/media?parent=102866"}],"wp:term":[{"taxonomy":"product_cat","embeddable":true,"href":"https:\/\/www.keramika.com\/slovenija\/wp-json\/wp\/v2\/product_cat?post=102866"},{"taxonomy":"product_tag","embeddable":true,"href":"https:\/\/www.keramika.com\/slovenija\/wp-json\/wp\/v2\/product_tag?post=102866"}],"curies":[{"name":"wp","href":"https:\/\/api.w.org\/{rel}","templated":true}]}}