{"id":102862,"date":"2017-03-22T23:21:20","date_gmt":"2017-03-22T23:21:20","guid":{"rendered":"http:\/\/keramika.holest.com\/slovenija\/product\/talne-in-stenske-ploscice-cinca-berlin-matt-beige\/"},"modified":"2026-01-02T00:02:34","modified_gmt":"2026-01-02T00:02:34","slug":"talne-in-stenske-ploscice-cinca-berlin-matt-beige","status":"publish","type":"product","link":"https:\/\/www.keramika.com\/slovenija\/talne-in-stenske-ploscice-cinca-berlin-matt-beige\/","title":{"rendered":"Talne in stenske plo\u0161\u010dice Cinca Berlin Matt Beige"},"content":{"rendered":"<p>Ta plo\u0161\u010dica je debela 8 mm in je zelo trpe\u017ena. Z 25&#215;45 cm je ta plo\u0161\u010dica primerna za razli\u010dne podlage. 22,62 EUR v klasi\u010dni trgovini, pri nas pa le 18,1 EUR. Zelo moderna plo\u0161\u010dica v be\u017e barvi popestri prav vsak prostor. Cinca Berlin Matt Beige prihaja iz Portugalske, ki je znana po zelo kvalitetni keramiki v svetovnem merilu.<\/p>\n<p>Kliknite na ime kolekcije za ogled vseh plo\u0161\u010dic iz te serije: <a class=\"pdfcatal\" href=\"\/\/www.ceramictiles.com\/pdf\/cinca\/catalogue_cinca_berlin.pdf\" onclick=\"recordOutboundLink(this, 'E-mail', 'Description PDF');return false;\">Cinca Berlin<\/a><\/p>\n<p>\u010ce \u017eelite naro\u010diti model iz pdf kataloga te kolekcije, nam pi\u0161ite na: <a href=\"mailto:keramoteka.salon@gmail.com\" onclick=\"recordOutboundLink(this, 'E-mail', 'Description mail');return false;\">keramoteka.salon@gmail.com<\/a> ali pa nas pokli\u010dite na: 031 255 900.<\/p>\n<p>Technical description: <br \/> W &#038; F 25&#215;45 ; 25&#215;33 ; 33&#215;33 <br \/>Berlin Bege  ; Berlin Cinza  ;<\/p>\n","protected":false},"excerpt":{"rendered":"<p>Ta plo\u0161\u010dica je debela 8 mm in je zelo trpe\u017ena. Z 25&#215;45 cm je ta plo\u0161\u010dica primerna za razli\u010dne podlage. 22,62 EUR v klasi\u010dni trgovini, pri nas pa le 18,1 EUR. Zelo moderna plo\u0161\u010dica v be\u017e barvi popestri prav vsak prostor. Cinca Berlin Matt Beige prihaja iz Portugalske, ki je znana po zelo kvalitetni keramiki [&hellip;]<\/p>\n","protected":false},"featured_media":102863,"template":"","meta":[],"product_cat":[999968,200,220,999,250],"product_tag":[],"_links":{"self":[{"href":"https:\/\/www.keramika.com\/slovenija\/wp-json\/wp\/v2\/product\/102862"}],"collection":[{"href":"https:\/\/www.keramika.com\/slovenija\/wp-json\/wp\/v2\/product"}],"about":[{"href":"https:\/\/www.keramika.com\/slovenija\/wp-json\/wp\/v2\/types\/product"}],"wp:featuredmedia":[{"embeddable":true,"href":"https:\/\/www.keramika.com\/slovenija\/wp-json\/wp\/v2\/media\/102863"}],"wp:attachment":[{"href":"https:\/\/www.keramika.com\/slovenija\/wp-json\/wp\/v2\/media?parent=102862"}],"wp:term":[{"taxonomy":"product_cat","embeddable":true,"href":"https:\/\/www.keramika.com\/slovenija\/wp-json\/wp\/v2\/product_cat?post=102862"},{"taxonomy":"product_tag","embeddable":true,"href":"https:\/\/www.keramika.com\/slovenija\/wp-json\/wp\/v2\/product_tag?post=102862"}],"curies":[{"name":"wp","href":"https:\/\/api.w.org\/{rel}","templated":true}]}}