{"id":102838,"date":"2017-03-22T23:20:46","date_gmt":"2017-03-22T23:20:46","guid":{"rendered":"http:\/\/keramika.holest.com\/slovenija\/product\/projektne-ploscice-cinca-aktion-azulado\/"},"modified":"2026-01-02T00:02:29","modified_gmt":"2026-01-02T00:02:29","slug":"projektne-ploscice-cinca-aktion-azulado","status":"publish","type":"product","link":"https:\/\/www.keramika.com\/slovenija\/projektne-ploscice-cinca-aktion-azulado\/","title":{"rendered":"Projektne plo\u0161\u0107ice Cinca Aktion Azulado"},"content":{"rendered":"<p>Pri izbiri plo\u0161\u010dice v modri barvi ne morete zgre\u0161iti. 21,19 EUR v klasi\u010dni trgovini, pri nas pa le 16,95 EUR. To plo\u0161\u010dico je izdelal proizvajalec Cinca, ki prihaja iz Portugalske. Velikost te plo\u0161\u010dice je 20&#215;20 cm. Debelina kar 8 mm dela to plo\u0161\u010dico zelo trpe\u017eno in presti\u017eno na otip.<\/p>\n<p>Kliknite na ime kolekcije za ogled vseh plo\u0161\u010dic iz te serije: <a class=\"pdfcatal\" href=\"\/\/www.ceramictiles.com\/pdf\/cinca\/catalogue_cinca_aktion.pdf\" onclick=\"recordOutboundLink(this, 'E-mail', 'Description PDF');return false;\">Cinca Aktion<\/a><\/p>\n<p>\u010ce \u017eelite naro\u010diti model iz pdf kataloga te kolekcije, nam pi\u0161ite na: <a href=\"mailto:keramoteka.salon@gmail.com\" onclick=\"recordOutboundLink(this, 'E-mail', 'Description mail');return false;\">keramoteka.salon@gmail.com<\/a> ali pa nas pokli\u010dite na: 031 255 900.<\/p>\n<p>Technical description: <br \/>  F 20&#215;20 <br \/>Aktion Branco  ; Aktion Cinza ; Aktion Champagne Claro ; Aktion Cinza Azulado ; Aktion Bege ; Aktion Antracite ; Aktion Bege Castor ;<\/p>\n","protected":false},"excerpt":{"rendered":"<p>Pri izbiri plo\u0161\u010dice v modri barvi ne morete zgre\u0161iti. 21,19 EUR v klasi\u010dni trgovini, pri nas pa le 16,95 EUR. To plo\u0161\u010dico je izdelal proizvajalec Cinca, ki prihaja iz Portugalske. Velikost te plo\u0161\u010dice je 20&#215;20 cm. Debelina kar 8 mm dela to plo\u0161\u010dico zelo trpe\u017eno in presti\u017eno na otip. Kliknite na ime kolekcije za ogled [&hellip;]<\/p>\n","protected":false},"featured_media":102839,"template":"","meta":[],"product_cat":[999968,200,220,999,290],"product_tag":[],"_links":{"self":[{"href":"https:\/\/www.keramika.com\/slovenija\/wp-json\/wp\/v2\/product\/102838"}],"collection":[{"href":"https:\/\/www.keramika.com\/slovenija\/wp-json\/wp\/v2\/product"}],"about":[{"href":"https:\/\/www.keramika.com\/slovenija\/wp-json\/wp\/v2\/types\/product"}],"wp:featuredmedia":[{"embeddable":true,"href":"https:\/\/www.keramika.com\/slovenija\/wp-json\/wp\/v2\/media\/102839"}],"wp:attachment":[{"href":"https:\/\/www.keramika.com\/slovenija\/wp-json\/wp\/v2\/media?parent=102838"}],"wp:term":[{"taxonomy":"product_cat","embeddable":true,"href":"https:\/\/www.keramika.com\/slovenija\/wp-json\/wp\/v2\/product_cat?post=102838"},{"taxonomy":"product_tag","embeddable":true,"href":"https:\/\/www.keramika.com\/slovenija\/wp-json\/wp\/v2\/product_tag?post=102838"}],"curies":[{"name":"wp","href":"https:\/\/api.w.org\/{rel}","templated":true}]}}