{"id":102586,"date":"2017-03-22T23:16:11","date_gmt":"2017-03-22T23:16:11","guid":{"rendered":"http:\/\/keramika.holest.com\/slovenija\/product\/podometna-elektronska-armatura-tube\/"},"modified":"2026-01-02T00:01:51","modified_gmt":"2026-01-02T00:01:51","slug":"podometna-elektronska-armatura-tube","status":"publish","type":"product","link":"https:\/\/www.keramika.com\/slovenija\/podometna-elektronska-armatura-tube\/","title":{"rendered":"Podometna elektronska armatura Tube"},"content":{"rendered":"<p>Armatura Tube za umivalnik elektronska<br \/>Stenska monta\u017ea.<br \/>Koda izdelka : 5317381<br \/>Material : Medenina, povr\u0161inska obdelava  krom<br \/>Dimenzije : \u00d850&#215;170<br \/>Napajanje: 9V transformator<br \/>Priporo\u010den pritisk vode 0,5-8,0 bar (7,0-116 PSI)<br \/>Maksimalna temperatura tople vode: 70 \u00b0 C<br \/>Prednastavitev senzorja je na 220 mm. Minimalno podro\u010dje delovanja 80 mm. Maksimalno podro\u010dje delovanja 300 mm. Vmesne stopnje se poljubno nastavljajo.<br \/>Varnostni na\u010din : \u010ce senzor ne zazna gibanja ve\u010d kot 90 sekund, se vodni tok samodejno prekine<br \/>\u010ce obstaja mo\u017enost pritiska vode, ve\u010d kot 8 barov, je nujna uporaba reducirnega ventila za zmanj\u0161anje pritiska.<br \/>Poraba energije: 100mA<br \/><a class=\"pdfcatal\" href=\"\/\/www.keramika.com\/pdf\/e-ceramica\/mixers.pdf\">Cenik in katalog za armature <\/a><\/p>\n<p><strong>Za veleprodajno ceno nas kontaktirajte na: <a href=\"mailto:keramoteka.salon@gmail.com\">keramoteka.salon@gmail.com<\/a><\/strong><\/p>\n<p>Technical description: Product ID: 5317381<a class=\"pdfcatal\" href=\"\/\/www.keramika.com\/pdf\/e-ceramica\/sanitary_ware_catalogue.pdf \">Sanitary Ware Catalogue <\/a><br \/><a class=\"pdfcatal\" href=\"\/\/www.keramika.com\/pdf\/e-ceramica\/handicaps_sanitary_ware_catalogue.pdf\">Handicaps Sanitary Ware Catalogue <\/a><br \/><a class=\"pdfcatal\" href=\"\/\/www.keramika.com\/pdf\/e-ceramica\/children's_sanitary_ware_catalogue.pdf\">Children&#8217;s Sanitary Ware Catalogue <\/a><br \/><a class=\"pdfcatal\" href=\"\/\/www.keramika.com\/pdf\/e-ceramica\/special_wash_basin_catalogue.pdf\">Special Wash Basin Catalogue <\/a><br \/><a class=\"pdfcatal\" href=\"\/\/www.keramika.com\/pdf\/e-ceramica\/shower_trays_catalogue.pdf\">Shower Trays Catalogue <\/a><br \/><a class=\"pdfcatal\" href=\"\/\/www.keramika.com\/pdf\/e-ceramica\/shower_doors&#038;cabins_catalogue.pdf\">Shower Doors&#038;Cabins Catalogue <\/a><br \/><a class=\"pdfcatal\" href=\"\/\/www.keramika.com\/pdf\/e-ceramica\/mixers.pdf\">Mixers <\/a><br \/><a class=\"pdfcatal\" href=\"\/\/www.keramika.com\/pdf\/e-ceramica\/bathroom_accessories_catalogue.pdf\">Bathroom Accessories Catalogue <\/a><br \/><a class=\"pdfcatal\" href=\"\/\/www.keramika.com\/pdf\/e-ceramica\/bathtubs_catalogue.pdf\">Bathtubs Catalogue <\/a><br \/><a class=\"pdfcatal\" href=\"\/\/www.keramika.com\/pdf\/e-ceramica\/hydromassage_catalogue.pdf\">Hydromassage Catalogue <\/a><br \/><a class=\"pdfcatal\" href=\"\/\/www.keramika.com\/pdf\/e-ceramica\/bathroom_furniture_catalogue.pdf\">Bathroom Furniture Catalogue<\/a><br \/><a class=\"pdfcatal\" href=\"\/\/www.keramika.com\/pdf\/e-ceramica\/inox_sanitary_ware.pdf\">Stainless steel sanitary ware catalogue <\/a><br ><\/p>\n","protected":false},"excerpt":{"rendered":"<p>Armatura Tube za umivalnik elektronskaStenska monta\u017ea.Koda izdelka : 5317381Material : Medenina, povr\u0161inska obdelava kromDimenzije : \u00d850&#215;170Napajanje: 9V transformatorPriporo\u010den pritisk vode 0,5-8,0 bar (7,0-116 PSI)Maksimalna temperatura tople vode: 70 \u00b0 CPrednastavitev senzorja je na 220 mm. Minimalno podro\u010dje delovanja 80 mm. Maksimalno podro\u010dje delovanja 300 mm. Vmesne stopnje se poljubno nastavljajo.Varnostni na\u010din : \u010ce senzor ne [&hellip;]<\/p>\n","protected":false},"featured_media":102587,"template":"","meta":[],"product_cat":[600,560,500,610,999,9991580],"product_tag":[],"_links":{"self":[{"href":"https:\/\/www.keramika.com\/slovenija\/wp-json\/wp\/v2\/product\/102586"}],"collection":[{"href":"https:\/\/www.keramika.com\/slovenija\/wp-json\/wp\/v2\/product"}],"about":[{"href":"https:\/\/www.keramika.com\/slovenija\/wp-json\/wp\/v2\/types\/product"}],"wp:featuredmedia":[{"embeddable":true,"href":"https:\/\/www.keramika.com\/slovenija\/wp-json\/wp\/v2\/media\/102587"}],"wp:attachment":[{"href":"https:\/\/www.keramika.com\/slovenija\/wp-json\/wp\/v2\/media?parent=102586"}],"wp:term":[{"taxonomy":"product_cat","embeddable":true,"href":"https:\/\/www.keramika.com\/slovenija\/wp-json\/wp\/v2\/product_cat?post=102586"},{"taxonomy":"product_tag","embeddable":true,"href":"https:\/\/www.keramika.com\/slovenija\/wp-json\/wp\/v2\/product_tag?post=102586"}],"curies":[{"name":"wp","href":"https:\/\/api.w.org\/{rel}","templated":true}]}}