{"id":102452,"date":"2017-03-22T23:13:53","date_gmt":"2017-03-22T23:13:53","guid":{"rendered":"http:\/\/keramika.holest.com\/slovenija\/product\/umivalnik-za-otroke-wckids\/"},"modified":"2026-01-02T00:01:34","modified_gmt":"2026-01-02T00:01:34","slug":"umivalnik-za-otroke-wckids","status":"publish","type":"product","link":"https:\/\/www.keramika.com\/slovenija\/umivalnik-za-otroke-wckids\/","title":{"rendered":"Umivalnik za otroke Wckids"},"content":{"rendered":"<p>Umivalnik za otroke WcKids 43<br \/>Stenska monta\u017ea.<br \/>Koda izdelka : 125310<br \/>Material : Visoko kvalitetna keramika zagotavlja enostavno \u010di\u0161\u010denje in dolgo \u017eivljenjsko dobo. <br \/>Dimenzije : 430x375x165<br \/>Te\u017ea:  9,9 kg<\/p>\n<p>Stranski nosilec za milo.<br \/>Koda izdelka : 42501<br \/>Material : ABS <br \/>Dimenzije : 286x112x50<br \/>Te\u017ea: 0,2 kg<br \/>Cena : Po dogovoru<\/p>\n<p>Stranski nosilec s  kozarcem.<br \/>Koda izdelka :  42513<br \/>Material : ABS<br \/>Dimenzije : 286x112x100<br \/>Te\u017ea: 0,3 kg<br \/>Cena : Po dogovoru<\/p>\n<p>Armatura Alfa za umivalnik <br \/>Koda izdelka :  5000301<br \/>Material : Medenina, povr\u0161inska obdelava  krom<br \/>Dimenzije : 55x159x120<br \/>Te\u017ea: 1,4 kg<br \/>Cena : Po dogovoru<br \/><a class=\"pdfcatal\" href=\"\/\/www.keramika.com\/pdf\/e-ceramica\/childrens_sanitary_ware_catalogue.pdf\">Cenik in katalog otro\u0161ke sanitarne keramike <\/a><\/p>\n<p><strong>Za veleprodajno ceno nas kontaktirajte na: <a href=\"mailto:keramoteka.salon@gmail.com\">keramoteka.salon@gmail.com<\/a><\/strong><\/p>\n<p>Technical description: Product ID: 125310<a class=\"pdfcatal\" href=\"\/\/www.keramika.com\/pdf\/e-ceramica\/sanitary_ware_catalogue.pdf \">Sanitary Ware Catalogue <\/a><br \/><a class=\"pdfcatal\" href=\"\/\/www.keramika.com\/pdf\/e-ceramica\/handicaps_sanitary_ware_catalogue.pdf\">Handicaps Sanitary Ware Catalogue <\/a><br \/><a class=\"pdfcatal\" href=\"\/\/www.keramika.com\/pdf\/e-ceramica\/children's_sanitary_ware_catalogue.pdf\">Children&#8217;s Sanitary Ware Catalogue <\/a><br \/><a class=\"pdfcatal\" href=\"\/\/www.keramika.com\/pdf\/e-ceramica\/special_wash_basin_catalogue.pdf\">Special Wash Basin Catalogue <\/a><br \/><a class=\"pdfcatal\" href=\"\/\/www.keramika.com\/pdf\/e-ceramica\/shower_trays_catalogue.pdf\">Shower Trays Catalogue <\/a><br \/><a class=\"pdfcatal\" href=\"\/\/www.keramika.com\/pdf\/e-ceramica\/shower_doors&#038;cabins_catalogue.pdf\">Shower Doors&#038;Cabins Catalogue <\/a><br \/><a class=\"pdfcatal\" href=\"\/\/www.keramika.com\/pdf\/e-ceramica\/mixers.pdf\">Mixers <\/a><br \/><a class=\"pdfcatal\" href=\"\/\/www.keramika.com\/pdf\/e-ceramica\/bathroom_accessories_catalogue.pdf\">Bathroom Accessories Catalogue <\/a><br \/><a class=\"pdfcatal\" href=\"\/\/www.keramika.com\/pdf\/e-ceramica\/bathtubs_catalogue.pdf\">Bathtubs Catalogue <\/a><br \/><a class=\"pdfcatal\" href=\"\/\/www.keramika.com\/pdf\/e-ceramica\/hydromassage_catalogue.pdf\">Hydromassage Catalogue <\/a><br \/><a class=\"pdfcatal\" href=\"\/\/www.keramika.com\/pdf\/e-ceramica\/bathroom_furniture_catalogue.pdf\">Bathroom Furniture Catalogue<\/a><br \/><a class=\"pdfcatal\" href=\"\/\/www.keramika.com\/pdf\/e-ceramica\/inox_sanitary_ware.pdf\">Stainless steel sanitary ware catalogue <\/a><br ><\/p>\n","protected":false},"excerpt":{"rendered":"<p>Umivalnik za otroke WcKids 43Stenska monta\u017ea.Koda izdelka : 125310Material : Visoko kvalitetna keramika zagotavlja enostavno \u010di\u0161\u010denje in dolgo \u017eivljenjsko dobo. Dimenzije : 430x375x165Te\u017ea: 9,9 kg Stranski nosilec za milo.Koda izdelka : 42501Material : ABS Dimenzije : 286x112x50Te\u017ea: 0,2 kgCena : Po dogovoru Stranski nosilec s kozarcem.Koda izdelka : 42513Material : ABSDimenzije : 286x112x100Te\u017ea: 0,3 kgCena [&hellip;]<\/p>\n","protected":false},"featured_media":102453,"template":"","meta":[],"product_cat":[500,999,9991580,510,514,512],"product_tag":[],"_links":{"self":[{"href":"https:\/\/www.keramika.com\/slovenija\/wp-json\/wp\/v2\/product\/102452"}],"collection":[{"href":"https:\/\/www.keramika.com\/slovenija\/wp-json\/wp\/v2\/product"}],"about":[{"href":"https:\/\/www.keramika.com\/slovenija\/wp-json\/wp\/v2\/types\/product"}],"wp:featuredmedia":[{"embeddable":true,"href":"https:\/\/www.keramika.com\/slovenija\/wp-json\/wp\/v2\/media\/102453"}],"wp:attachment":[{"href":"https:\/\/www.keramika.com\/slovenija\/wp-json\/wp\/v2\/media?parent=102452"}],"wp:term":[{"taxonomy":"product_cat","embeddable":true,"href":"https:\/\/www.keramika.com\/slovenija\/wp-json\/wp\/v2\/product_cat?post=102452"},{"taxonomy":"product_tag","embeddable":true,"href":"https:\/\/www.keramika.com\/slovenija\/wp-json\/wp\/v2\/product_tag?post=102452"}],"curies":[{"name":"wp","href":"https:\/\/api.w.org\/{rel}","templated":true}]}}