{"id":101706,"date":"2017-03-22T23:01:32","date_gmt":"2017-03-22T23:01:32","guid":{"rendered":"http:\/\/keramika.holest.com\/slovenija\/product\/myr-dante-beige\/"},"modified":"2026-01-02T00:00:02","modified_gmt":"2026-01-02T00:00:02","slug":"myr-dante-beige","status":"publish","type":"product","link":"https:\/\/www.keramika.com\/slovenija\/myr-dante-beige\/","title":{"rendered":"Myr Dante Beige"},"content":{"rendered":"<p>9 mm debeline je dovolj tudi za zahtevnej\u0161e kupce. Velikost te plo\u0161\u010dice je 45&#215;45 cm. Ta kerami\u010dna plo\u0161\u010dica v \u010dudoviti be\u017e barvi bo obogatila vsak prostor. Myr Dante Beige je plo\u0161\u010dica proizvajalca Ceramicas MYR in prihaja iz \u0160panije. Na spletu boste za to plo\u0161\u010dico od\u0161teli le 12.47 EUR, medtem ko v redni prodaji cena zna\u0161a 15.58 EUR.<\/p>\n<p>Kliknite na ime kolekcije za ogled vseh plo\u0161\u010dic iz te serije: <a class=\"pdfcatal\" href=\"\/\/www.ceramictiles.com\/pdf\/myr\/catalogue_ceramicasmyr_dante.pdf\" onclick=\"recordOutboundLink(this, 'E-mail', 'Description PDF');return false;\">Ceramicas MYR Dante<\/a><\/p>\n<p>\u010ce \u017eelite naro\u010diti model iz pdf kataloga te kolekcije, nam pi\u0161ite na: <a href=\"mailto:keramoteka.salon@gmail.com\" onclick=\"recordOutboundLink(this, 'E-mail', 'Description mail');return false;\">keramoteka.salon@gmail.com<\/a> ali pa nas pokli\u010dite na: 031 255 900.<\/p>\n","protected":false},"excerpt":{"rendered":"<p>9 mm debeline je dovolj tudi za zahtevnej\u0161e kupce. Velikost te plo\u0161\u010dice je 45&#215;45 cm. Ta kerami\u010dna plo\u0161\u010dica v \u010dudoviti be\u017e barvi bo obogatila vsak prostor. Myr Dante Beige je plo\u0161\u010dica proizvajalca Ceramicas MYR in prihaja iz \u0160panije. Na spletu boste za to plo\u0161\u010dico od\u0161teli le 12.47 EUR, medtem ko v redni prodaji cena zna\u0161a [&hellip;]<\/p>\n","protected":false},"featured_media":101707,"template":"","meta":[],"product_cat":[99910,200,230,999,240],"product_tag":[],"_links":{"self":[{"href":"https:\/\/www.keramika.com\/slovenija\/wp-json\/wp\/v2\/product\/101706"}],"collection":[{"href":"https:\/\/www.keramika.com\/slovenija\/wp-json\/wp\/v2\/product"}],"about":[{"href":"https:\/\/www.keramika.com\/slovenija\/wp-json\/wp\/v2\/types\/product"}],"wp:featuredmedia":[{"embeddable":true,"href":"https:\/\/www.keramika.com\/slovenija\/wp-json\/wp\/v2\/media\/101707"}],"wp:attachment":[{"href":"https:\/\/www.keramika.com\/slovenija\/wp-json\/wp\/v2\/media?parent=101706"}],"wp:term":[{"taxonomy":"product_cat","embeddable":true,"href":"https:\/\/www.keramika.com\/slovenija\/wp-json\/wp\/v2\/product_cat?post=101706"},{"taxonomy":"product_tag","embeddable":true,"href":"https:\/\/www.keramika.com\/slovenija\/wp-json\/wp\/v2\/product_tag?post=101706"}],"curies":[{"name":"wp","href":"https:\/\/api.w.org\/{rel}","templated":true}]}}