{"id":101546,"date":"2017-08-01T22:58:20","date_gmt":"2017-08-01T22:58:20","guid":{"rendered":"http:\/\/keramika.holest.com\/slovenija\/product\/mozaik-ploscice-mosavit-metalica-platino\/"},"modified":"2026-01-01T00:03:28","modified_gmt":"2026-01-01T00:03:28","slug":"mozaik-ploscice-mosavit-metalica-platino","status":"publish","type":"product","link":"https:\/\/www.keramika.com\/slovenija\/mozaik-ploscice-mosavit-metalica-platino\/","title":{"rendered":"Mozaik plo\u0161\u010dice Mosavit Metalica Platino"},"content":{"rendered":"<p>Mozaik na sliki je pripet na mre\u017eo, kar olaj\u0161a njegovo polaganje. Mre\u017ea je velika 31,6&#215;31,6 cm. 5 mm je debelina, ki zadovolji tudi zahtevnej\u0161e kupce. Keramika v srebrni barvi popestri vsak prostor. Mosaic Metalica Platino je pripeljana iz \u0160panije in je zelo kvalitetna. Zaradi ni\u017ejih stro\u0161kov pri spletni prodaji boste na na\u0161i strani za ta mozaik od\u0161teli le 110 EUR.<br \/>\nVelikost mre\u017ee: 31,6 x 31,6 cm<br \/>\nVelikost plo\u0161\u010dice: 2,5 x 2,5 cm<br \/>\nBarva: \u010drna<br \/>\nLastnosti:<br \/>\nKovinske barve<br \/>\nNi primeren za bazene<br \/>\nTehni\u010dni opis:<br \/>\n9 kosov \/ \u0161katla (31,6&#215;31,6)<br \/>\n10,2 kg \/ \u0161katla<br \/>\nMin. 1 \u0161katla &#8211; dostava 30 evrov \/ \u0161katla v EU<\/p>\n","protected":false},"excerpt":{"rendered":"<p>Steklene mozaik plo\u0161\u010dice &#8211; \u010drne.<\/p>\n","protected":false},"featured_media":101547,"template":"","meta":[],"product_cat":[999405,400,999,410],"product_tag":[99950091,99921989],"_links":{"self":[{"href":"https:\/\/www.keramika.com\/slovenija\/wp-json\/wp\/v2\/product\/101546"}],"collection":[{"href":"https:\/\/www.keramika.com\/slovenija\/wp-json\/wp\/v2\/product"}],"about":[{"href":"https:\/\/www.keramika.com\/slovenija\/wp-json\/wp\/v2\/types\/product"}],"wp:featuredmedia":[{"embeddable":true,"href":"https:\/\/www.keramika.com\/slovenija\/wp-json\/wp\/v2\/media\/101547"}],"wp:attachment":[{"href":"https:\/\/www.keramika.com\/slovenija\/wp-json\/wp\/v2\/media?parent=101546"}],"wp:term":[{"taxonomy":"product_cat","embeddable":true,"href":"https:\/\/www.keramika.com\/slovenija\/wp-json\/wp\/v2\/product_cat?post=101546"},{"taxonomy":"product_tag","embeddable":true,"href":"https:\/\/www.keramika.com\/slovenija\/wp-json\/wp\/v2\/product_tag?post=101546"}],"curies":[{"name":"wp","href":"https:\/\/api.w.org\/{rel}","templated":true}]}}