{"id":101544,"date":"2017-07-22T22:58:18","date_gmt":"2017-07-22T22:58:18","guid":{"rendered":"http:\/\/keramika.holest.com\/slovenija\/product\/mozaik-ploscice-mosavit-metalica-oro-dore\/"},"modified":"2026-01-01T00:03:27","modified_gmt":"2026-01-01T00:03:27","slug":"mozaik-ploscice-mosavit-metalica-oro-dore","status":"publish","type":"product","link":"https:\/\/www.keramika.com\/slovenija\/mozaik-ploscice-mosavit-metalica-oro-dore\/","title":{"rendered":"Mozaik plo\u0161\u010dice Mosavit Metalica Oro Dore"},"content":{"rendered":"<p>Velikost mre\u017ee z mozaikom je 31,6&#215;31,6 cm, kar omogo\u010da enostavno polaganje. Keramika v zlati barvi popestri vsak prostor. 5 mm debeline je dovolj tudi za zahtevnej\u0161e kupce. Namesto 137,5 EUR kot bi za ta mozaik od\u0161teli v klasi\u010dni trgovini, boste v na\u0161i spletni prodajalni od\u0161teli le 110 EUR. Ta mozaik je izdelal proizvajalec Mosavit, ki prihaja iz \u0160panije.<\/p>\n<p>Technical description: <br \/>\nVelikost mre\u017ee: 31,6 x 31,6 cm<br \/>\nVelikost plo\u0161\u010dice: 2,5 x 2,5 cm<br \/>\nBarva: zlato<br \/>\nLastnosti:<br \/>\nKovinske barve<br \/>\nNi primeren za bazene<br \/>\nTehni\u010dni opis:<br \/>\n9 kosov \/ \u0161katla (31,6&#215;31,6)<br \/>\n10,2 kg \/ \u0161katla<br \/>\nMin. 1 \u0161katla &#8211; dostava 30 evrov \/ \u0161katla v EU<\/p>\n","protected":false},"excerpt":{"rendered":"<p>Steklene mozaik plo\u0161\u010dice &#8211; zlato.<\/p>\n","protected":false},"featured_media":101545,"template":"","meta":[],"product_cat":[999405,400,999,410],"product_tag":[99950091],"_links":{"self":[{"href":"https:\/\/www.keramika.com\/slovenija\/wp-json\/wp\/v2\/product\/101544"}],"collection":[{"href":"https:\/\/www.keramika.com\/slovenija\/wp-json\/wp\/v2\/product"}],"about":[{"href":"https:\/\/www.keramika.com\/slovenija\/wp-json\/wp\/v2\/types\/product"}],"wp:featuredmedia":[{"embeddable":true,"href":"https:\/\/www.keramika.com\/slovenija\/wp-json\/wp\/v2\/media\/101545"}],"wp:attachment":[{"href":"https:\/\/www.keramika.com\/slovenija\/wp-json\/wp\/v2\/media?parent=101544"}],"wp:term":[{"taxonomy":"product_cat","embeddable":true,"href":"https:\/\/www.keramika.com\/slovenija\/wp-json\/wp\/v2\/product_cat?post=101544"},{"taxonomy":"product_tag","embeddable":true,"href":"https:\/\/www.keramika.com\/slovenija\/wp-json\/wp\/v2\/product_tag?post=101544"}],"curies":[{"name":"wp","href":"https:\/\/api.w.org\/{rel}","templated":true}]}}