{"id":101536,"date":"2017-07-22T22:58:10","date_gmt":"2017-07-22T22:58:10","guid":{"rendered":"http:\/\/keramika.holest.com\/slovenija\/product\/mozaik-ploscice-mosavit-metalica-alum\/"},"modified":"2026-01-01T00:03:27","modified_gmt":"2026-01-01T00:03:27","slug":"mozaik-ploscice-mosavit-metalica-alum","status":"publish","type":"product","link":"https:\/\/www.keramika.com\/slovenija\/mozaik-ploscice-mosavit-metalica-alum\/","title":{"rendered":"Mozaik plo\u0161\u010dice Mosavit Metalica Alum"},"content":{"rendered":"<p>Z 31,6&#215;31,6 cm je mre\u017ea na katero so pripete te mozaik plo\u0161\u010dice primerna za razli\u010dne podlage. Mozaik je debel kar 5 mm, kar ga uvr\u0161\u010da med bolj trde mozaik plo\u0161\u010dice. Mosaic Metalica Alum prihaja iz \u0160panije, ki je znana po zelo kvalitetni keramiki v svetovnem merilu. Ta mozaik plo\u0161\u010dica v \u010dudoviti srebrni barvi bo obogatila vsak prostor. Zaradi ni\u017ejih stro\u0161kov pri spletni prodaji boste na na\u0161i strani za ta mozaik od\u0161teli le 56,25 EUR.<\/p>\n<p>Technical description: <br \/>\nVelikost mre\u017ee: 31,6 x 31,6 cm<br \/>\nVelikost plo\u0161\u010dice: 2,5 x 2,5 cm<br \/>\nBarva: siva<br \/>\nLastnosti:<br \/>\nKovinske barve<br \/>\nNi primeren za bazene<br \/>\nTehni\u010dni opis:<br \/>\n9 kosov \/ \u0161katla (31,6&#215;31,6)<br \/>\n10,2 kg \/ \u0161katla<br \/>\nMin. 1 \u0161katla &#8211; dostava 30 evrov \/ \u0161katla v EU<\/p>\n","protected":false},"excerpt":{"rendered":"<p>Steklene mozaik plo\u0161\u010dice &#8211; siva.<\/p>\n","protected":false},"featured_media":101537,"template":"","meta":[],"product_cat":[999405,400,999,410],"product_tag":[99950091],"_links":{"self":[{"href":"https:\/\/www.keramika.com\/slovenija\/wp-json\/wp\/v2\/product\/101536"}],"collection":[{"href":"https:\/\/www.keramika.com\/slovenija\/wp-json\/wp\/v2\/product"}],"about":[{"href":"https:\/\/www.keramika.com\/slovenija\/wp-json\/wp\/v2\/types\/product"}],"wp:featuredmedia":[{"embeddable":true,"href":"https:\/\/www.keramika.com\/slovenija\/wp-json\/wp\/v2\/media\/101537"}],"wp:attachment":[{"href":"https:\/\/www.keramika.com\/slovenija\/wp-json\/wp\/v2\/media?parent=101536"}],"wp:term":[{"taxonomy":"product_cat","embeddable":true,"href":"https:\/\/www.keramika.com\/slovenija\/wp-json\/wp\/v2\/product_cat?post=101536"},{"taxonomy":"product_tag","embeddable":true,"href":"https:\/\/www.keramika.com\/slovenija\/wp-json\/wp\/v2\/product_tag?post=101536"}],"curies":[{"name":"wp","href":"https:\/\/api.w.org\/{rel}","templated":true}]}}