{"id":101522,"date":"2017-03-22T22:57:54","date_gmt":"2017-03-22T22:57:54","guid":{"rendered":"http:\/\/keramika.holest.com\/slovenija\/product\/mozaik-ploscice-za-tla-bruma-5001-a-beige\/"},"modified":"2026-01-01T00:03:24","modified_gmt":"2026-01-01T00:03:24","slug":"mozaik-ploscice-za-tla-bruma-5001-a-beige","status":"publish","type":"product","link":"https:\/\/www.keramika.com\/slovenija\/mozaik-ploscice-za-tla-bruma-5001-a-beige\/","title":{"rendered":"Mozaik plo\u0161\u010dice za tla Bruma 5001-A Beige"},"content":{"rendered":"<p>Ta mozaik plo\u0161\u010dica prihaja iz \u0160panije, ki je znana po kvalitetni keramiki. Mosaic MC 101-A Blanco je na voljo po zelo ugodni ceni 39,88 EUR. Zelo moderen mozaik v dominanti beli barvi popestri prav vsak prostor. 5 mm debeline je dovolj tudi za zahtevnej\u0161e kupce. Z velikostjo mre\u017ee 31,6&#215;31,6 cm na katero je pripet, je ta mozaik primeren ze razli\u010dne povr\u0161ine.<\/p>\n<p>Technical description: <\/p>\n<p>Min. 1 box &#8211; Delivery 30 Euro\/box in EU<\/p>\n","protected":false},"excerpt":{"rendered":"<p>Ta mozaik plo\u0161\u010dica prihaja iz \u0160panije, ki je znana po kvalitetni keramiki. Mosaic MC 101-A Blanco je na voljo po zelo ugodni ceni 39,88 EUR. Zelo moderen mozaik v dominanti beli barvi popestri prav vsak prostor. 5 mm debeline je dovolj tudi za zahtevnej\u0161e kupce. Z velikostjo mre\u017ee 31,6&#215;31,6 cm na katero je pripet, je [&hellip;]<\/p>\n","protected":false},"featured_media":101523,"template":"","meta":[],"product_cat":[999405,400,999,410],"product_tag":[],"_links":{"self":[{"href":"https:\/\/www.keramika.com\/slovenija\/wp-json\/wp\/v2\/product\/101522"}],"collection":[{"href":"https:\/\/www.keramika.com\/slovenija\/wp-json\/wp\/v2\/product"}],"about":[{"href":"https:\/\/www.keramika.com\/slovenija\/wp-json\/wp\/v2\/types\/product"}],"wp:featuredmedia":[{"embeddable":true,"href":"https:\/\/www.keramika.com\/slovenija\/wp-json\/wp\/v2\/media\/101523"}],"wp:attachment":[{"href":"https:\/\/www.keramika.com\/slovenija\/wp-json\/wp\/v2\/media?parent=101522"}],"wp:term":[{"taxonomy":"product_cat","embeddable":true,"href":"https:\/\/www.keramika.com\/slovenija\/wp-json\/wp\/v2\/product_cat?post=101522"},{"taxonomy":"product_tag","embeddable":true,"href":"https:\/\/www.keramika.com\/slovenija\/wp-json\/wp\/v2\/product_tag?post=101522"}],"curies":[{"name":"wp","href":"https:\/\/api.w.org\/{rel}","templated":true}]}}