{"id":101498,"date":"2017-03-22T22:57:28","date_gmt":"2017-03-22T22:57:28","guid":{"rendered":"http:\/\/keramika.holest.com\/slovenija\/product\/mozaik-ploscice-mosavit-elogy-tornasol\/"},"modified":"2026-01-01T00:03:21","modified_gmt":"2026-01-01T00:03:21","slug":"mozaik-ploscice-mosavit-elogy-tornasol","status":"publish","type":"product","link":"https:\/\/www.keramika.com\/slovenija\/mozaik-ploscice-mosavit-elogy-tornasol\/","title":{"rendered":"Mozaik plo\u0161\u010dice Mosavit Elogy Tornasol"},"content":{"rendered":"<p>5 mm debeline je dovolj tudi za zahtevnej\u0161e kupce. Mosaic Elogy Tornasol je plo\u0161\u010dica proizvajalca Mosavit in prihaja iz \u0160panije. 120,31 EUR v klasi\u010dni trgovini, pri nas pa le 96,25 EUR. Z velikostjo mre\u017ee 31,6&#215;31,6 cm na katero je pripet, je ta mozaik primeren ze razli\u010dne povr\u0161ine. Keramika v rjavi barvi popestri vsak prostor.<\/p>\n<p>Technical description: <\/p>\n<p>Min. 1 box &#8211; Delivery 30 Euro\/box in EU<\/p>\n","protected":false},"excerpt":{"rendered":"<p>5 mm debeline je dovolj tudi za zahtevnej\u0161e kupce. Mosaic Elogy Tornasol je plo\u0161\u010dica proizvajalca Mosavit in prihaja iz \u0160panije. 120,31 EUR v klasi\u010dni trgovini, pri nas pa le 96,25 EUR. Z velikostjo mre\u017ee 31,6&#215;31,6 cm na katero je pripet, je ta mozaik primeren ze razli\u010dne povr\u0161ine. Keramika v rjavi barvi popestri vsak prostor. Technical [&hellip;]<\/p>\n","protected":false},"featured_media":101499,"template":"","meta":[],"product_cat":[999405,400,999,410],"product_tag":[],"_links":{"self":[{"href":"https:\/\/www.keramika.com\/slovenija\/wp-json\/wp\/v2\/product\/101498"}],"collection":[{"href":"https:\/\/www.keramika.com\/slovenija\/wp-json\/wp\/v2\/product"}],"about":[{"href":"https:\/\/www.keramika.com\/slovenija\/wp-json\/wp\/v2\/types\/product"}],"wp:featuredmedia":[{"embeddable":true,"href":"https:\/\/www.keramika.com\/slovenija\/wp-json\/wp\/v2\/media\/101499"}],"wp:attachment":[{"href":"https:\/\/www.keramika.com\/slovenija\/wp-json\/wp\/v2\/media?parent=101498"}],"wp:term":[{"taxonomy":"product_cat","embeddable":true,"href":"https:\/\/www.keramika.com\/slovenija\/wp-json\/wp\/v2\/product_cat?post=101498"},{"taxonomy":"product_tag","embeddable":true,"href":"https:\/\/www.keramika.com\/slovenija\/wp-json\/wp\/v2\/product_tag?post=101498"}],"curies":[{"name":"wp","href":"https:\/\/api.w.org\/{rel}","templated":true}]}}