{"id":101466,"date":"2017-03-22T22:56:53","date_gmt":"2017-03-22T22:56:53","guid":{"rendered":"http:\/\/keramika.holest.com\/slovenija\/product\/mozaik-ploscice-za-bazene-bruma-9001-negro\/"},"modified":"2026-01-01T00:03:18","modified_gmt":"2026-01-01T00:03:18","slug":"mozaik-ploscice-za-bazene-bruma-9001-negro","status":"publish","type":"product","link":"https:\/\/www.keramika.com\/slovenija\/mozaik-ploscice-za-bazene-bruma-9001-negro\/","title":{"rendered":"Mozaik plo\u0161\u010dice za bazene Bruma 9001 Negro"},"content":{"rendered":"<p>Pri izbiri mozaika v glavni \u010drni barvi ne morete zgre\u0161iti. Z 31,6&#215;31,6 cm je mre\u017ea na katero so pripete te mozaik plo\u0161\u010dice primerna za razli\u010dne podlage. Mozaik je debel kar 5 mm, kar ga uvr\u0161\u010da med bolj trde mozaik plo\u0161\u010dice. Redna cena tega mozaika v maloprodaji zna\u0161a 34,22 EUR, v na\u0161i spletni trgovini pa ga lahko dobite \u017ee za 27,38 EUR. Mosaic Bruma 9001 Negro je pripeljana iz \u0160panije in je zelo kvalitetna.<\/p>\n<p>Technical description: <\/p>\n<p>Min. 1 box &#8211; Delivery 30 Euro\/box in EU<\/p>\n","protected":false},"excerpt":{"rendered":"<p>Pri izbiri mozaika v glavni \u010drni barvi ne morete zgre\u0161iti. Z 31,6&#215;31,6 cm je mre\u017ea na katero so pripete te mozaik plo\u0161\u010dice primerna za razli\u010dne podlage. Mozaik je debel kar 5 mm, kar ga uvr\u0161\u010da med bolj trde mozaik plo\u0161\u010dice. Redna cena tega mozaika v maloprodaji zna\u0161a 34,22 EUR, v na\u0161i spletni trgovini pa ga [&hellip;]<\/p>\n","protected":false},"featured_media":101467,"template":"","meta":[],"product_cat":[999405,400,999,410],"product_tag":[],"_links":{"self":[{"href":"https:\/\/www.keramika.com\/slovenija\/wp-json\/wp\/v2\/product\/101466"}],"collection":[{"href":"https:\/\/www.keramika.com\/slovenija\/wp-json\/wp\/v2\/product"}],"about":[{"href":"https:\/\/www.keramika.com\/slovenija\/wp-json\/wp\/v2\/types\/product"}],"wp:featuredmedia":[{"embeddable":true,"href":"https:\/\/www.keramika.com\/slovenija\/wp-json\/wp\/v2\/media\/101467"}],"wp:attachment":[{"href":"https:\/\/www.keramika.com\/slovenija\/wp-json\/wp\/v2\/media?parent=101466"}],"wp:term":[{"taxonomy":"product_cat","embeddable":true,"href":"https:\/\/www.keramika.com\/slovenija\/wp-json\/wp\/v2\/product_cat?post=101466"},{"taxonomy":"product_tag","embeddable":true,"href":"https:\/\/www.keramika.com\/slovenija\/wp-json\/wp\/v2\/product_tag?post=101466"}],"curies":[{"name":"wp","href":"https:\/\/api.w.org\/{rel}","templated":true}]}}