{"id":101370,"date":"2017-06-22T22:55:21","date_gmt":"2017-06-22T22:55:21","guid":{"rendered":"http:\/\/keramika.holest.com\/slovenija\/product\/steklene-mozaik-ploscice-acquaris-bali\/"},"modified":"2026-01-01T00:03:05","modified_gmt":"2026-01-01T00:03:05","slug":"steklene-mozaik-ploscice-acquaris-bali","status":"publish","type":"product","link":"https:\/\/www.keramika.com\/slovenija\/steklene-mozaik-ploscice-acquaris-bali\/","title":{"rendered":"Steklene mozaik plo\u0161\u010dice Acquaris Bali"},"content":{"rendered":"<p>5 mm je debelina, ki zadovolji tudi zahtevnej\u0161e kupce. Na spletu boste za ta mozaik od\u0161teli le 96,25 EUR, medtem ko v redni prodaji cena zna\u0161a 120,31 EUR. Ta mozaik plo\u0161\u010dica prihaja iz \u0160panije, ki je znana po kvalitetni keramiki. Ta model mozaik plo\u0161\u010dic se najbolje prodaja v rde\u010di barvi. Z velikostjo mre\u017ee 31,6&#215;31,6 cm na katero je pripet, je ta mozaik primeren ze razli\u010dne povr\u0161ine.<\/p>\n<p>Technical description: <\/p>\n<p>Min. 1 box &#8211; Delivery 30 Euro\/box in EU<\/p>\n","protected":false},"excerpt":{"rendered":"<p>5 mm je debelina, ki zadovolji tudi zahtevnej\u0161e kupce. Na spletu boste za ta mozaik od\u0161teli le 96,25 EUR, medtem ko v redni prodaji cena zna\u0161a 120,31 EUR. Ta mozaik plo\u0161\u010dica prihaja iz \u0160panije, ki je znana po kvalitetni keramiki. Ta model mozaik plo\u0161\u010dic se najbolje prodaja v rde\u010di barvi. Z velikostjo mre\u017ee 31,6&#215;31,6 cm [&hellip;]<\/p>\n","protected":false},"featured_media":101371,"template":"","meta":[],"product_cat":[999405,400,999,410],"product_tag":[99921974,99921989,99921990],"_links":{"self":[{"href":"https:\/\/www.keramika.com\/slovenija\/wp-json\/wp\/v2\/product\/101370"}],"collection":[{"href":"https:\/\/www.keramika.com\/slovenija\/wp-json\/wp\/v2\/product"}],"about":[{"href":"https:\/\/www.keramika.com\/slovenija\/wp-json\/wp\/v2\/types\/product"}],"wp:featuredmedia":[{"embeddable":true,"href":"https:\/\/www.keramika.com\/slovenija\/wp-json\/wp\/v2\/media\/101371"}],"wp:attachment":[{"href":"https:\/\/www.keramika.com\/slovenija\/wp-json\/wp\/v2\/media?parent=101370"}],"wp:term":[{"taxonomy":"product_cat","embeddable":true,"href":"https:\/\/www.keramika.com\/slovenija\/wp-json\/wp\/v2\/product_cat?post=101370"},{"taxonomy":"product_tag","embeddable":true,"href":"https:\/\/www.keramika.com\/slovenija\/wp-json\/wp\/v2\/product_tag?post=101370"}],"curies":[{"name":"wp","href":"https:\/\/api.w.org\/{rel}","templated":true}]}}