{"id":101322,"date":"2017-03-22T22:54:16","date_gmt":"2017-03-22T22:54:16","guid":{"rendered":"http:\/\/keramika.holest.com\/slovenija\/product\/mozaik-ploscice-mosavit-pandora-wengue-100\/"},"modified":"2026-01-01T00:02:59","modified_gmt":"2026-01-01T00:02:59","slug":"mozaik-ploscice-mosavit-pandora-wengue-100","status":"publish","type":"product","link":"https:\/\/www.keramika.com\/slovenija\/mozaik-ploscice-mosavit-pandora-wengue-100\/","title":{"rendered":"Mozaik plo\u0161\u010dice Mosavit Pandora Wengue 100"},"content":{"rendered":"<p>Mosaic Pandora Wengue 100 je na voljo po zelo ugodni ceni 145 EUR. Zelo moderen mozaik v dominanti rjavi barvi popestri prav vsak prostor. Z velikostjo mre\u017ee 31,6&#215;31,6 cm na katero je pripet, je ta mozaik primeren ze razli\u010dne povr\u0161ine. Ta mozaik je debel 5 mm in je zelo trpe\u017een. Mosaic Pandora Wengue 100 je plo\u0161\u010dica proizvajalca Mosavit in prihaja iz \u0160panije.<\/p>\n<p>Technical description: <\/p>\n<p>Min. 1 box &#8211; Delivery 30 Euro\/box in EU<\/p>\n","protected":false},"excerpt":{"rendered":"<p>Mosaic Pandora Wengue 100 je na voljo po zelo ugodni ceni 145 EUR. Zelo moderen mozaik v dominanti rjavi barvi popestri prav vsak prostor. Z velikostjo mre\u017ee 31,6&#215;31,6 cm na katero je pripet, je ta mozaik primeren ze razli\u010dne povr\u0161ine. Ta mozaik je debel 5 mm in je zelo trpe\u017een. Mosaic Pandora Wengue 100 je [&hellip;]<\/p>\n","protected":false},"featured_media":101323,"template":"","meta":[],"product_cat":[999405,400,999,410],"product_tag":[],"_links":{"self":[{"href":"https:\/\/www.keramika.com\/slovenija\/wp-json\/wp\/v2\/product\/101322"}],"collection":[{"href":"https:\/\/www.keramika.com\/slovenija\/wp-json\/wp\/v2\/product"}],"about":[{"href":"https:\/\/www.keramika.com\/slovenija\/wp-json\/wp\/v2\/types\/product"}],"wp:featuredmedia":[{"embeddable":true,"href":"https:\/\/www.keramika.com\/slovenija\/wp-json\/wp\/v2\/media\/101323"}],"wp:attachment":[{"href":"https:\/\/www.keramika.com\/slovenija\/wp-json\/wp\/v2\/media?parent=101322"}],"wp:term":[{"taxonomy":"product_cat","embeddable":true,"href":"https:\/\/www.keramika.com\/slovenija\/wp-json\/wp\/v2\/product_cat?post=101322"},{"taxonomy":"product_tag","embeddable":true,"href":"https:\/\/www.keramika.com\/slovenija\/wp-json\/wp\/v2\/product_tag?post=101322"}],"curies":[{"name":"wp","href":"https:\/\/api.w.org\/{rel}","templated":true}]}}