{"id":101280,"date":"2017-03-22T22:53:22","date_gmt":"2017-03-22T22:53:22","guid":{"rendered":"http:\/\/keramika.holest.com\/slovenija\/product\/mozaik-ploscice-mosavit-rock-magnolia\/"},"modified":"2026-01-01T00:02:53","modified_gmt":"2026-01-01T00:02:53","slug":"mozaik-ploscice-mosavit-rock-magnolia","status":"publish","type":"product","link":"https:\/\/www.keramika.com\/slovenija\/mozaik-ploscice-mosavit-rock-magnolia\/","title":{"rendered":"Mozaik plo\u0161\u010dice Mosavit Rock Magnolia"},"content":{"rendered":"<p>Mosaic Rock Magnolia je na voljo po zelo ugodni ceni 101,25 EUR. Ta mozaik je izdelal proizvajalec Mosavit, ki prihaja iz \u0160panije. Letos so mozaiki v be\u017e barvi zelo za\u017eeljeni. Ta mozaik je debel 5 mm in je zelo trpe\u017een. Velikost mre\u017ee z mozaikom je 31,6&#215;31,6 cm, kar omogo\u010da enostavno polaganje.<\/p>\n<p>Technical description: <\/p>\n<p>Min. 1 box &#8211; Delivery 30 Euro\/box in EU<\/p>\n","protected":false},"excerpt":{"rendered":"<p>Mosaic Rock Magnolia je na voljo po zelo ugodni ceni 101,25 EUR. Ta mozaik je izdelal proizvajalec Mosavit, ki prihaja iz \u0160panije. Letos so mozaiki v be\u017e barvi zelo za\u017eeljeni. Ta mozaik je debel 5 mm in je zelo trpe\u017een. Velikost mre\u017ee z mozaikom je 31,6&#215;31,6 cm, kar omogo\u010da enostavno polaganje. Technical description: Min. 1 [&hellip;]<\/p>\n","protected":false},"featured_media":101281,"template":"","meta":[],"product_cat":[999405,400,999,410],"product_tag":[],"_links":{"self":[{"href":"https:\/\/www.keramika.com\/slovenija\/wp-json\/wp\/v2\/product\/101280"}],"collection":[{"href":"https:\/\/www.keramika.com\/slovenija\/wp-json\/wp\/v2\/product"}],"about":[{"href":"https:\/\/www.keramika.com\/slovenija\/wp-json\/wp\/v2\/types\/product"}],"wp:featuredmedia":[{"embeddable":true,"href":"https:\/\/www.keramika.com\/slovenija\/wp-json\/wp\/v2\/media\/101281"}],"wp:attachment":[{"href":"https:\/\/www.keramika.com\/slovenija\/wp-json\/wp\/v2\/media?parent=101280"}],"wp:term":[{"taxonomy":"product_cat","embeddable":true,"href":"https:\/\/www.keramika.com\/slovenija\/wp-json\/wp\/v2\/product_cat?post=101280"},{"taxonomy":"product_tag","embeddable":true,"href":"https:\/\/www.keramika.com\/slovenija\/wp-json\/wp\/v2\/product_tag?post=101280"}],"curies":[{"name":"wp","href":"https:\/\/api.w.org\/{rel}","templated":true}]}}