{"id":101244,"date":"2017-03-22T22:52:35","date_gmt":"2017-03-22T22:52:35","guid":{"rendered":"http:\/\/keramika.holest.com\/slovenija\/product\/steklene-mozaik-ploscice-acqua-3-sahe\/"},"modified":"2026-01-01T00:02:49","modified_gmt":"2026-01-01T00:02:49","slug":"steklene-mozaik-ploscice-acqua-3-sahe","status":"publish","type":"product","link":"https:\/\/www.keramika.com\/slovenija\/steklene-mozaik-ploscice-acqua-3-sahe\/","title":{"rendered":"Steklene mozaik plo\u0161\u010dice Acqua 3 Sahe"},"content":{"rendered":"<p>Mozaik dobite pripet na mre\u017eo, kar olaj\u0161a njegovo polaganje. Velikost mre\u017ee je 31,6&#215;31,6 cm in je primerna za razli\u010dne povr\u0161ine. 34,22 EUR v klasi\u010dni trgovini, pri nas pa le 27,38 EUR. 5 mm debeline je dovolj tudi za zahtevnej\u0161e kupce. Keramika v modri barvi popestri vsak prostor. Mosaic Acqua 3 Sahe je pripeljana iz \u0160panije in je zelo kvalitetna.<\/p>\n<p>Technical description: <\/p>\n<p>Min. 1 box &#8211; Delivery 30 Euro\/box in EU<\/p>\n","protected":false},"excerpt":{"rendered":"<p>Mozaik dobite pripet na mre\u017eo, kar olaj\u0161a njegovo polaganje. Velikost mre\u017ee je 31,6&#215;31,6 cm in je primerna za razli\u010dne povr\u0161ine. 34,22 EUR v klasi\u010dni trgovini, pri nas pa le 27,38 EUR. 5 mm debeline je dovolj tudi za zahtevnej\u0161e kupce. Keramika v modri barvi popestri vsak prostor. Mosaic Acqua 3 Sahe je pripeljana iz \u0160panije [&hellip;]<\/p>\n","protected":false},"featured_media":101245,"template":"","meta":[],"product_cat":[999405,400,999,410],"product_tag":[],"_links":{"self":[{"href":"https:\/\/www.keramika.com\/slovenija\/wp-json\/wp\/v2\/product\/101244"}],"collection":[{"href":"https:\/\/www.keramika.com\/slovenija\/wp-json\/wp\/v2\/product"}],"about":[{"href":"https:\/\/www.keramika.com\/slovenija\/wp-json\/wp\/v2\/types\/product"}],"wp:featuredmedia":[{"embeddable":true,"href":"https:\/\/www.keramika.com\/slovenija\/wp-json\/wp\/v2\/media\/101245"}],"wp:attachment":[{"href":"https:\/\/www.keramika.com\/slovenija\/wp-json\/wp\/v2\/media?parent=101244"}],"wp:term":[{"taxonomy":"product_cat","embeddable":true,"href":"https:\/\/www.keramika.com\/slovenija\/wp-json\/wp\/v2\/product_cat?post=101244"},{"taxonomy":"product_tag","embeddable":true,"href":"https:\/\/www.keramika.com\/slovenija\/wp-json\/wp\/v2\/product_tag?post=101244"}],"curies":[{"name":"wp","href":"https:\/\/api.w.org\/{rel}","templated":true}]}}