{"id":101202,"date":"2017-03-22T22:51:38","date_gmt":"2017-03-22T22:51:38","guid":{"rendered":"http:\/\/keramika.holest.com\/slovenija\/product\/rocersa-titania-beige\/"},"modified":"2026-01-01T00:02:44","modified_gmt":"2026-01-01T00:02:44","slug":"rocersa-titania-beige","status":"publish","type":"product","link":"https:\/\/www.keramika.com\/slovenija\/rocersa-titania-beige\/","title":{"rendered":"Rocersa Titania Beige"},"content":{"rendered":"<p>Letos so plo\u0161\u010dice v be\u017e barvi zelo za\u017eeljene. 23.25 EUR v klasi\u010dni trgovini, pri nas pa le 18.6 EUR. 9 mm debeline je dovolj tudi za zahtevnej\u0161e kupce. Rocersa Titania Beige je pripeljana iz \u0160panije in je zelo kvalitetna. Velikost te plo\u0161\u010dice je 31.6&#215;31.6 cm in je primerna za razli\u010dne povr\u0161ine.<\/p>\n<p>Kliknite na ime kolekcije za ogled vseh plo\u0161\u010dic iz te serije: <a class=\"pdfcatal\" href=\"\/\/www.ceramictiles.com\/pdf\/rocersa\/catalogue_rocersa_titania.pdf\" onclick=\"recordOutboundLink(this, 'E-mail', 'Description PDF');return false;\">Rocersa Ceramica Titania<\/a><\/p>\n<p>\u010ce \u017eelite naro\u010diti model iz pdf kataloga te kolekcije, nam pi\u0161ite na: <a href=\"mailto:keramoteka.salon@gmail.com\" onclick=\"recordOutboundLink(this, 'E-mail', 'Description mail');return false;\">keramoteka.salon@gmail.com<\/a> ali pa nas pokli\u010dite na: 031 255 900.<\/p>\n","protected":false},"excerpt":{"rendered":"<p>Letos so plo\u0161\u010dice v be\u017e barvi zelo za\u017eeljene. 23.25 EUR v klasi\u010dni trgovini, pri nas pa le 18.6 EUR. 9 mm debeline je dovolj tudi za zahtevnej\u0161e kupce. Rocersa Titania Beige je pripeljana iz \u0160panije in je zelo kvalitetna. Velikost te plo\u0161\u010dice je 31.6&#215;31.6 cm in je primerna za razli\u010dne povr\u0161ine. Kliknite na ime kolekcije [&hellip;]<\/p>\n","protected":false},"featured_media":101203,"template":"","meta":[],"product_cat":[200,999,99921437,240],"product_tag":[],"_links":{"self":[{"href":"https:\/\/www.keramika.com\/slovenija\/wp-json\/wp\/v2\/product\/101202"}],"collection":[{"href":"https:\/\/www.keramika.com\/slovenija\/wp-json\/wp\/v2\/product"}],"about":[{"href":"https:\/\/www.keramika.com\/slovenija\/wp-json\/wp\/v2\/types\/product"}],"wp:featuredmedia":[{"embeddable":true,"href":"https:\/\/www.keramika.com\/slovenija\/wp-json\/wp\/v2\/media\/101203"}],"wp:attachment":[{"href":"https:\/\/www.keramika.com\/slovenija\/wp-json\/wp\/v2\/media?parent=101202"}],"wp:term":[{"taxonomy":"product_cat","embeddable":true,"href":"https:\/\/www.keramika.com\/slovenija\/wp-json\/wp\/v2\/product_cat?post=101202"},{"taxonomy":"product_tag","embeddable":true,"href":"https:\/\/www.keramika.com\/slovenija\/wp-json\/wp\/v2\/product_tag?post=101202"}],"curies":[{"name":"wp","href":"https:\/\/api.w.org\/{rel}","templated":true}]}}