{"id":101118,"date":"2017-03-22T22:49:47","date_gmt":"2017-03-22T22:49:47","guid":{"rendered":"http:\/\/keramika.holest.com\/slovenija\/product\/rocersa-chic-beige\/"},"modified":"2026-01-01T00:02:32","modified_gmt":"2026-01-01T00:02:32","slug":"rocersa-chic-beige","status":"publish","type":"product","link":"https:\/\/www.keramika.com\/slovenija\/rocersa-chic-beige\/","title":{"rendered":"Rocersa Chic Beige"},"content":{"rendered":"<p>Dimenzije te plo\u0161\u010dice so 31.6&#215;59.34 cm. Ta plo\u0161\u010dica je debela 9 mm in je zelo trpe\u017ena. Namesto 21.78 EUR kot bi za to plo\u0161\u010dico od\u0161teli v klasi\u010dni trgovini, boste v na\u0161i spletni prodajalni od\u0161teli le 17.42 EUR. Letos so plo\u0161\u010dice v be\u017e barvi zelo za\u017eeljene. To plo\u0161\u010dico je izdelal proizvajalec Rocersa Ceramica, ki prihaja iz \u0160panije.<\/p>\n<p>Kliknite na ime kolekcije za ogled vseh plo\u0161\u010dic iz te serije: <a class=\"pdfcatal\" href=\"\/\/www.ceramictiles.com\/pdf\/rocersa\/catalogue_rocersa_chic.pdf\" onclick=\"recordOutboundLink(this, 'E-mail', 'Description PDF');return false;\">Rocersa Ceramica Chic<\/a><\/p>\n<p>\u010ce \u017eelite naro\u010diti model iz pdf kataloga te kolekcije, nam pi\u0161ite na: <a href=\"mailto:keramoteka.salon@gmail.com\" onclick=\"recordOutboundLink(this, 'E-mail', 'Description mail');return false;\">keramoteka.salon@gmail.com<\/a> ali pa nas pokli\u010dite na: 031 255 900.<\/p>\n","protected":false},"excerpt":{"rendered":"<p>Dimenzije te plo\u0161\u010dice so 31.6&#215;59.34 cm. Ta plo\u0161\u010dica je debela 9 mm in je zelo trpe\u017ena. Namesto 21.78 EUR kot bi za to plo\u0161\u010dico od\u0161teli v klasi\u010dni trgovini, boste v na\u0161i spletni prodajalni od\u0161teli le 17.42 EUR. Letos so plo\u0161\u010dice v be\u017e barvi zelo za\u017eeljene. To plo\u0161\u010dico je izdelal proizvajalec Rocersa Ceramica, ki prihaja iz [&hellip;]<\/p>\n","protected":false},"featured_media":101119,"template":"","meta":[],"product_cat":[200,999,99921437,250],"product_tag":[],"_links":{"self":[{"href":"https:\/\/www.keramika.com\/slovenija\/wp-json\/wp\/v2\/product\/101118"}],"collection":[{"href":"https:\/\/www.keramika.com\/slovenija\/wp-json\/wp\/v2\/product"}],"about":[{"href":"https:\/\/www.keramika.com\/slovenija\/wp-json\/wp\/v2\/types\/product"}],"wp:featuredmedia":[{"embeddable":true,"href":"https:\/\/www.keramika.com\/slovenija\/wp-json\/wp\/v2\/media\/101119"}],"wp:attachment":[{"href":"https:\/\/www.keramika.com\/slovenija\/wp-json\/wp\/v2\/media?parent=101118"}],"wp:term":[{"taxonomy":"product_cat","embeddable":true,"href":"https:\/\/www.keramika.com\/slovenija\/wp-json\/wp\/v2\/product_cat?post=101118"},{"taxonomy":"product_tag","embeddable":true,"href":"https:\/\/www.keramika.com\/slovenija\/wp-json\/wp\/v2\/product_tag?post=101118"}],"curies":[{"name":"wp","href":"https:\/\/api.w.org\/{rel}","templated":true}]}}