{"id":100988,"date":"2017-03-22T22:47:32","date_gmt":"2017-03-22T22:47:32","guid":{"rendered":"http:\/\/keramika.holest.com\/slovenija\/product\/peronda-femme-v\/"},"modified":"2017-03-22T22:47:32","modified_gmt":"2017-03-22T22:47:32","slug":"peronda-femme-v","status":"publish","type":"product","link":"https:\/\/www.keramika.com\/slovenija\/peronda-femme-v\/","title":{"rendered":"Peronda Femme-V"},"content":{"rendered":"<p>Velikost te plo\u0161\u010dice je 33&#215;60 cm. Pri izbiri plo\u0161\u010dice v zeleni barvi ne morete zgre\u0161iti. Peronda Femme-V je plo\u0161\u010dica proizvajalca Peronda Ceramicas in prihaja iz \u0160panije. Plo\u0161\u010dica je debela kar 10 mm, kar jo uvr\u0161\u010da med bolj trde plo\u0161\u010dice.<\/p>\n<p>Kliknite na ime kolekcije za ogled vseh plo\u0161\u010dic iz te serije: <a class=\"pdfcatal\" href=\"\/\/www.ceramictiles.com\/pdf\/peronda\/catalogue_peronda_femme.pdf\" onclick=\"recordOutboundLink(this, 'E-mail', 'Description PDF');return false;\">Peronda Ceramicas Femme<\/a><\/p>\n<p>\u010ce \u017eelite naro\u010diti model iz pdf kataloga te kolekcije, nam pi\u0161ite na: <a href=\"mailto:keramoteka.salon@gmail.com\" onclick=\"recordOutboundLink(this, 'E-mail', 'Description mail');return false;\">keramoteka.salon@gmail.com<\/a> ali pa nas pokli\u010dite na: 031 255 900.<\/p>\n","protected":false},"excerpt":{"rendered":"<p>Velikost te plo\u0161\u010dice je 33&#215;60 cm. Pri izbiri plo\u0161\u010dice v zeleni barvi ne morete zgre\u0161iti. Peronda Femme-V je plo\u0161\u010dica proizvajalca Peronda Ceramicas in prihaja iz \u0160panije. Plo\u0161\u010dica je debela kar 10 mm, kar jo uvr\u0161\u010da med bolj trde plo\u0161\u010dice. Kliknite na ime kolekcije za ogled vseh plo\u0161\u010dic iz te serije: Peronda Ceramicas Femme \u010ce \u017eelite [&hellip;]<\/p>\n","protected":false},"featured_media":100989,"template":"","meta":[],"product_cat":[200,999109,999,250],"product_tag":[],"_links":{"self":[{"href":"https:\/\/www.keramika.com\/slovenija\/wp-json\/wp\/v2\/product\/100988"}],"collection":[{"href":"https:\/\/www.keramika.com\/slovenija\/wp-json\/wp\/v2\/product"}],"about":[{"href":"https:\/\/www.keramika.com\/slovenija\/wp-json\/wp\/v2\/types\/product"}],"wp:featuredmedia":[{"embeddable":true,"href":"https:\/\/www.keramika.com\/slovenija\/wp-json\/wp\/v2\/media\/100989"}],"wp:attachment":[{"href":"https:\/\/www.keramika.com\/slovenija\/wp-json\/wp\/v2\/media?parent=100988"}],"wp:term":[{"taxonomy":"product_cat","embeddable":true,"href":"https:\/\/www.keramika.com\/slovenija\/wp-json\/wp\/v2\/product_cat?post=100988"},{"taxonomy":"product_tag","embeddable":true,"href":"https:\/\/www.keramika.com\/slovenija\/wp-json\/wp\/v2\/product_tag?post=100988"}],"curies":[{"name":"wp","href":"https:\/\/api.w.org\/{rel}","templated":true}]}}