{"id":100942,"date":"2017-03-22T22:46:40","date_gmt":"2017-03-22T22:46:40","guid":{"rendered":"http:\/\/keramika.holest.com\/slovenija\/product\/ploscice-imitacija-lesa-fap-tracce\/"},"modified":"2026-01-01T00:02:26","modified_gmt":"2026-01-01T00:02:26","slug":"ploscice-imitacija-lesa-fap-tracce","status":"publish","type":"product","link":"https:\/\/www.keramika.com\/slovenija\/ploscice-imitacija-lesa-fap-tracce\/","title":{"rendered":"Plo\u0161\u010dice imitacija lesa Fap Tracce"},"content":{"rendered":"<p>10 mm debeline je dovolj tudi za zahtevnej\u0161e kupce. Plo\u0161\u010dica na sliki je velika 22,5&#215;90 cm. Pri izbiri plo\u0161\u010dice v rjavi barvi ne morete zgre\u0161iti. Fap ceramiche Tracce Noce je pripeljana iz Italije in je zelo kvalitetna. Redna cena te plo\u0161\u010dice v maloprodaji zna\u0161a 95,58 EUR, v na\u0161i spletni trgovini pa jo lahko dobite \u017ee za 76,05 EUR.<\/p>\n<p>Kliknite na ime kolekcije za ogled vseh plo\u0161\u010dic iz te serije: <a class=\"pdfcatal\" href=\"\/\/www.ceramictiles.com\/pdf\/fap\/catalogue_fap_tracce.pdf\" onclick=\"recordOutboundLink(this, 'E-mail', 'Description PDF');return false;\">Fap Ceramiche &#8211; Gruppo Concorde Tracce<\/a><\/p>\n<p>\u010ce \u017eelite naro\u010diti model iz pdf kataloga te kolekcije, nam pi\u0161ite na: <a href=\"mailto:keramoteka.salon@gmail.com\" onclick=\"recordOutboundLink(this, 'E-mail', 'Description mail');return false;\">keramoteka.salon@gmail.com<\/a> ali pa nas pokli\u010dite na: 031 255 900.<\/p>\n","protected":false},"excerpt":{"rendered":"<p>10 mm debeline je dovolj tudi za zahtevnej\u0161e kupce. Plo\u0161\u010dica na sliki je velika 22,5&#215;90 cm. Pri izbiri plo\u0161\u010dice v rjavi barvi ne morete zgre\u0161iti. Fap ceramiche Tracce Noce je pripeljana iz Italije in je zelo kvalitetna. Redna cena te plo\u0161\u010dice v maloprodaji zna\u0161a 95,58 EUR, v na\u0161i spletni trgovini pa jo lahko dobite \u017ee [&hellip;]<\/p>\n","protected":false},"featured_media":100943,"template":"","meta":[],"product_cat":[999519,200,999,240],"product_tag":[],"_links":{"self":[{"href":"https:\/\/www.keramika.com\/slovenija\/wp-json\/wp\/v2\/product\/100942"}],"collection":[{"href":"https:\/\/www.keramika.com\/slovenija\/wp-json\/wp\/v2\/product"}],"about":[{"href":"https:\/\/www.keramika.com\/slovenija\/wp-json\/wp\/v2\/types\/product"}],"wp:featuredmedia":[{"embeddable":true,"href":"https:\/\/www.keramika.com\/slovenija\/wp-json\/wp\/v2\/media\/100943"}],"wp:attachment":[{"href":"https:\/\/www.keramika.com\/slovenija\/wp-json\/wp\/v2\/media?parent=100942"}],"wp:term":[{"taxonomy":"product_cat","embeddable":true,"href":"https:\/\/www.keramika.com\/slovenija\/wp-json\/wp\/v2\/product_cat?post=100942"},{"taxonomy":"product_tag","embeddable":true,"href":"https:\/\/www.keramika.com\/slovenija\/wp-json\/wp\/v2\/product_tag?post=100942"}],"curies":[{"name":"wp","href":"https:\/\/api.w.org\/{rel}","templated":true}]}}