{"id":100874,"date":"2017-03-22T22:45:26","date_gmt":"2017-03-22T22:45:26","guid":{"rendered":"http:\/\/keramika.holest.com\/slovenija\/product\/keramicne-ploscice-za-terase-casalgrande-padana-tiburtino-bianco\/"},"modified":"2026-01-01T00:02:17","modified_gmt":"2026-01-01T00:02:17","slug":"keramicne-ploscice-za-terase-casalgrande-padana-tiburtino-bianco","status":"publish","type":"product","link":"https:\/\/www.keramika.com\/slovenija\/keramicne-ploscice-za-terase-casalgrande-padana-tiburtino-bianco\/","title":{"rendered":"Kerami\u010dne plo\u0161\u010dice za terase Casalgrande Padana Tiburtino Bianco"},"content":{"rendered":"<p>Prihaja iz Italije, ki po svetu slovi kot ena bolj\u0161ih proizvajalk kerami\u010dnih plo\u0161\u010dic. Redna cena te plo\u0161\u010dice v maloprodaji zna\u0161a 34,17 EUR, v na\u0161i spletni trgovini pa jo lahko dobite \u017ee za 27,34 EUR. Dimenzije te plo\u0161\u010dice so 30&#215;30 cm. Ta kerami\u010dna plo\u0161\u010dica v \u010dudoviti beli barvi bo obogatila vsak prostor. 8 mm debeline je dovolj tudi za zahtevnej\u0161e kupce.<\/p>\n<p>Kliknite na ime kolekcije za ogled vseh plo\u0161\u010dic iz te serije: <a class=\"pdfcatal\" href=\"\/\/www.ceramictiles.com\/pdf\/casalgrandepadana\/catalogue_casalgrande_padana_tiburtino.pdf\" onclick=\"recordOutboundLink(this, 'E-mail', 'Description PDF');return false;\">Casalgrande Padana S.P.A. Tiburtino<\/a><\/p>\n<p>\u010ce \u017eelite naro\u010diti model iz pdf kataloga te kolekcije, nam pi\u0161ite na: <a href=\"mailto:keramoteka.salon@gmail.com\" onclick=\"recordOutboundLink(this, 'E-mail', 'Description mail');return false;\">keramoteka.salon@gmail.com<\/a> ali pa nas pokli\u010dite na: 031 255 900.<\/p>\n<p>Technical description: <br \/> F 15&#215;15 ; 15&#215;30 ; 30&#215;30 ; 40&#215;40 <br \/>Tiburtino Bianco ; Tiburtino Beige ; Tiburtino Dorato ; Tiburtino Rosso ;<\/p>\n","protected":false},"excerpt":{"rendered":"<p>Prihaja iz Italije, ki po svetu slovi kot ena bolj\u0161ih proizvajalk kerami\u010dnih plo\u0161\u010dic. Redna cena te plo\u0161\u010dice v maloprodaji zna\u0161a 34,17 EUR, v na\u0161i spletni trgovini pa jo lahko dobite \u017ee za 27,34 EUR. Dimenzije te plo\u0161\u010dice so 30&#215;30 cm. Ta kerami\u010dna plo\u0161\u010dica v \u010dudoviti beli barvi bo obogatila vsak prostor. 8 mm debeline je [&hellip;]<\/p>\n","protected":false},"featured_media":100875,"template":"","meta":[],"product_cat":[999448,200,999,240],"product_tag":[],"_links":{"self":[{"href":"https:\/\/www.keramika.com\/slovenija\/wp-json\/wp\/v2\/product\/100874"}],"collection":[{"href":"https:\/\/www.keramika.com\/slovenija\/wp-json\/wp\/v2\/product"}],"about":[{"href":"https:\/\/www.keramika.com\/slovenija\/wp-json\/wp\/v2\/types\/product"}],"wp:featuredmedia":[{"embeddable":true,"href":"https:\/\/www.keramika.com\/slovenija\/wp-json\/wp\/v2\/media\/100875"}],"wp:attachment":[{"href":"https:\/\/www.keramika.com\/slovenija\/wp-json\/wp\/v2\/media?parent=100874"}],"wp:term":[{"taxonomy":"product_cat","embeddable":true,"href":"https:\/\/www.keramika.com\/slovenija\/wp-json\/wp\/v2\/product_cat?post=100874"},{"taxonomy":"product_tag","embeddable":true,"href":"https:\/\/www.keramika.com\/slovenija\/wp-json\/wp\/v2\/product_tag?post=100874"}],"curies":[{"name":"wp","href":"https:\/\/api.w.org\/{rel}","templated":true}]}}